{"id":346,"date":"2020-03-05T11:54:23","date_gmt":"2020-03-05T11:54:23","guid":{"rendered":"http:\/\/www.ogrodnick.pl\/word\/?page_id=346"},"modified":"2020-03-20T13:39:41","modified_gmt":"2020-03-20T13:39:41","slug":"klon-czerwony-acer-rubrum","status":"publish","type":"page","link":"https:\/\/www.ogrodnick.pl\/word\/klon-czerwony-acer-rubrum\/","title":{"rendered":"Klon czerwony (Acer rubrum)"},"content":{"rendered":"\n<div class=\"wp-block-group alignfull\"><div class=\"wp-block-group__inner-container is-layout-flow wp-block-group-is-layout-flow\">\n<p>Klon czerwony&nbsp;(<em>Acer rubrum<\/em>)&nbsp;pochodzi z Ameryki P\u00f3\u0142nocnej, ro\u015bnie we wschodniej po\u0142owie Kanady i Stan\u00f3w zjednoczonych.<\/p>\n<\/div><\/div>\n\n\n\n<div class=\"wp-block-columns alignfull is-layout-flex wp-container-core-columns-is-layout-9d6595d7 wp-block-columns-is-layout-flex\">\n<div class=\"wp-block-column is-layout-flow wp-block-column-is-layout-flow\">\n<p><strong>OPIS:<br><\/strong>&nbsp;&nbsp;&nbsp; Klony czerwone w ojczy\u017anie osi\u0105gaj\u0105 nawet 30 metr\u00f3w wysoko\u015bci, w Polsce najwy\u017csze ponad 20 metr\u00f3w. Rosn\u0105 szybko, w m\u0142odo\u015bci maj\u0105 korony sto\u017ckowate ze wzniesionymi sko\u015bnie ga\u0142\u0119ziami, u starszych drzew korona staje si\u0119 owalna lub zaokr\u0105glona.&nbsp;<br>&nbsp;&nbsp;&nbsp;Klony czerwone czerwone bywaj\u0105 dwa razy w roku:&nbsp;<br>&#8211; wiosn\u0105, zwykle na pocz\u0105tku kwietnia rozkwitaj\u0105 ciemnoczerwone, nektarodajne kwiatki, potem rozwijaj\u0105 si\u0119 czerwonawe w m\u0142odo\u015bci li\u015bcie i szybko rosn\u0105 owoce z czerwonymi skrzyde\u0142kami. Owoce bardzo szybko dojrzewaj\u0105 i opadaj\u0105, ju\u017c w maju lub na pocz\u0105tku czerwca.&nbsp;<br>&#8211; drugi raz klony czerwone przybieraj\u0105 barw\u0119 jaskrawoczerwon\u0105 (czasem pomara\u0144czow\u0105) jesieni\u0105, przebarwiaj\u0105 si\u0119 przepi\u0119knie!&nbsp;<br>&nbsp;&nbsp;&nbsp;Latem 10-centymetrowe li\u015bcie s\u0105 z wierzchu ciemnozielone, sp\u00f3d maj\u0105 niebieskawy.&nbsp;<br>&nbsp;&nbsp;&nbsp;Efektowna jest r\u00f3wnie\u017c g\u0142adka, popielata kora pnia.&nbsp;<br>&nbsp;&nbsp;&nbsp;Warto jeszcze wiedzie\u0107, \u017ce na klonach czerwonych bardzo lubi rosn\u0105\u0107 jemio\u0142a. Nie wiem, zaleta to czy wada &#8211; musz\u0105 Pa\u0144stwo os\u0105dzi\u0107 sami.&nbsp;<\/p>\n<\/div>\n\n\n\n<div class=\"wp-block-column is-layout-flow wp-block-column-is-layout-flow\">\n<div class=\"wp-block-image\"><figure class=\"aligncenter size-large\"><img loading=\"lazy\" decoding=\"async\" width=\"500\" height=\"400\" src=\"https:\/\/www.ogrodnick.pl\/word\/wp-content\/uploads\/2020\/03\/acer_rubrum_pom-1.jpg\" alt=\"\" class=\"wp-image-572\" srcset=\"https:\/\/www.ogrodnick.pl\/word\/wp-content\/uploads\/2020\/03\/acer_rubrum_pom-1.jpg 500w, https:\/\/www.ogrodnick.pl\/word\/wp-content\/uploads\/2020\/03\/acer_rubrum_pom-1-300x240.jpg 300w\" sizes=\"auto, (max-width: 500px) 100vw, 500px\" \/><\/figure><\/div>\n<\/div>\n<\/div>\n\n\n\n<div class=\"wp-block-columns alignfull is-layout-flex wp-container-core-columns-is-layout-9d6595d7 wp-block-columns-is-layout-flex\">\n<div class=\"wp-block-column is-layout-flow wp-block-column-is-layout-flow\">\n<p><strong>UPRAWA:<\/strong>&nbsp;<br>&nbsp;&nbsp;&nbsp;Klony czerwone s\u0105 zupe\u0142nie odporne na mrozy.&nbsp;<br>&nbsp;&nbsp;&nbsp;Lubi\u0105 rosn\u0105\u0107 na stanowiskach wilgotnych a nawet podmok\u0142ych, \u017ale rosn\u0105 na glebach o odczynie zasadowym.&nbsp;<br>&nbsp;&nbsp;&nbsp;Regularne korony maj\u0105 drzewa rosn\u0105ce na stanowiskach s\u0142onecznych.&nbsp;<\/p>\n<\/div>\n\n\n\n<div class=\"wp-block-column is-layout-flow wp-block-column-is-layout-flow\">\n<div class=\"wp-block-image\"><figure class=\"aligncenter size-large\"><img loading=\"lazy\" decoding=\"async\" width=\"500\" height=\"365\" src=\"https:\/\/www.ogrodnick.pl\/word\/wp-content\/uploads\/2020\/03\/acer_rubrum_liscie-1.jpg\" alt=\"\" class=\"wp-image-570\" srcset=\"https:\/\/www.ogrodnick.pl\/word\/wp-content\/uploads\/2020\/03\/acer_rubrum_liscie-1.jpg 500w, https:\/\/www.ogrodnick.pl\/word\/wp-content\/uploads\/2020\/03\/acer_rubrum_liscie-1-300x219.jpg 300w\" sizes=\"auto, (max-width: 500px) 100vw, 500px\" \/><\/figure><\/div>\n<\/div>\n<\/div>\n\n\n\n<div class=\"wp-block-columns alignfull is-layout-flex wp-container-core-columns-is-layout-9d6595d7 wp-block-columns-is-layout-flex\">\n<div class=\"wp-block-column is-layout-flow wp-block-column-is-layout-flow\">\n<div class=\"wp-block-image\"><figure class=\"aligncenter size-large\"><img loading=\"lazy\" decoding=\"async\" width=\"498\" height=\"393\" src=\"https:\/\/www.ogrodnick.pl\/word\/wp-content\/uploads\/2020\/03\/acer_rubrum_owoce-1.jpg\" alt=\"\" class=\"wp-image-571\" srcset=\"https:\/\/www.ogrodnick.pl\/word\/wp-content\/uploads\/2020\/03\/acer_rubrum_owoce-1.jpg 498w, https:\/\/www.ogrodnick.pl\/word\/wp-content\/uploads\/2020\/03\/acer_rubrum_owoce-1-300x237.jpg 300w\" sizes=\"auto, (max-width: 498px) 100vw, 498px\" \/><\/figure><\/div>\n<\/div>\n\n\n\n<div class=\"wp-block-column is-layout-flow wp-block-column-is-layout-flow\">\n<div class=\"wp-block-image\"><figure class=\"aligncenter size-large\"><img loading=\"lazy\" decoding=\"async\" width=\"500\" height=\"366\" src=\"https:\/\/www.ogrodnick.pl\/word\/wp-content\/uploads\/2020\/03\/acer_rubrum_kwiatkiZO-1.jpg\" alt=\"\" class=\"wp-image-569\" srcset=\"https:\/\/www.ogrodnick.pl\/word\/wp-content\/uploads\/2020\/03\/acer_rubrum_kwiatkiZO-1.jpg 500w, https:\/\/www.ogrodnick.pl\/word\/wp-content\/uploads\/2020\/03\/acer_rubrum_kwiatkiZO-1-300x220.jpg 300w\" sizes=\"auto, (max-width: 500px) 100vw, 500px\" \/><\/figure><\/div>\n<\/div>\n<\/div>\n\n\n\n<div class=\"wp-block-image\"><figure class=\"aligncenter size-large\"><img loading=\"lazy\" decoding=\"async\" width=\"500\" height=\"466\" src=\"https:\/\/www.ogrodnick.pl\/word\/wp-content\/uploads\/2020\/03\/acer_rubrum_jesien-1.jpg\" alt=\"\" class=\"wp-image-567\" srcset=\"https:\/\/www.ogrodnick.pl\/word\/wp-content\/uploads\/2020\/03\/acer_rubrum_jesien-1.jpg 500w, https:\/\/www.ogrodnick.pl\/word\/wp-content\/uploads\/2020\/03\/acer_rubrum_jesien-1-300x280.jpg 300w\" sizes=\"auto, (max-width: 500px) 100vw, 500px\" \/><\/figure><\/div>\n","protected":false},"excerpt":{"rendered":"<p>Klon czerwony&nbsp;(Acer rubrum)&nbsp;pochodzi z Ameryki P\u00f3\u0142nocnej, ro\u015bnie we wschodniej po\u0142owie Kanady i Stan\u00f3w zjednoczonych. OPIS:&nbsp;&nbsp;&nbsp; Klony czerwone w ojczy\u017anie osi\u0105gaj\u0105 nawet 30 metr\u00f3w wysoko\u015bci, w Polsce najwy\u017csze ponad 20 metr\u00f3w. Rosn\u0105 szybko, w m\u0142odo\u015bci maj\u0105 korony sto\u017ckowate ze wzniesionymi sko\u015bnie ga\u0142\u0119ziami, u starszych drzew korona staje si\u0119 owalna lub zaokr\u0105glona.&nbsp;&nbsp;&nbsp;&nbsp;Klony czerwone czerwone bywaj\u0105 dwa razy [&hellip;]<\/p>\n","protected":false},"author":1,"featured_media":0,"parent":0,"menu_order":0,"comment_status":"closed","ping_status":"closed","template":"","meta":{"footnotes":""},"class_list":["post-346","page","type-page","status-publish","hentry"],"_links":{"self":[{"href":"https:\/\/www.ogrodnick.pl\/word\/wp-json\/wp\/v2\/pages\/346","targetHints":{"allow":["GET"]}}],"collection":[{"href":"https:\/\/www.ogrodnick.pl\/word\/wp-json\/wp\/v2\/pages"}],"about":[{"href":"https:\/\/www.ogrodnick.pl\/word\/wp-json\/wp\/v2\/types\/page"}],"author":[{"embeddable":true,"href":"https:\/\/www.ogrodnick.pl\/word\/wp-json\/wp\/v2\/users\/1"}],"replies":[{"embeddable":true,"href":"https:\/\/www.ogrodnick.pl\/word\/wp-json\/wp\/v2\/comments?post=346"}],"version-history":[{"count":2,"href":"https:\/\/www.ogrodnick.pl\/word\/wp-json\/wp\/v2\/pages\/346\/revisions"}],"predecessor-version":[{"id":1053,"href":"https:\/\/www.ogrodnick.pl\/word\/wp-json\/wp\/v2\/pages\/346\/revisions\/1053"}],"wp:attachment":[{"href":"https:\/\/www.ogrodnick.pl\/word\/wp-json\/wp\/v2\/media?parent=346"}],"curies":[{"name":"wp","href":"https:\/\/api.w.org\/{rel}","templated":true}]}}

<div class="wp-block-group alignfull"><div class="wp-block-group__inner-container is-layout-flow wp-block-group-is-layout-flow">
<p>Klon czerwony&nbsp;(<em>Acer rubrum</em>)&nbsp;pochodzi z Ameryki Północnej, rośnie we wschodniej połowie Kanady i Stanów zjednoczonych.</p>
</div></div>



<div class="wp-block-columns alignfull is-layout-flex wp-container-core-columns-is-layout-9d6595d7 wp-block-columns-is-layout-flex">
<div class="wp-block-column is-layout-flow wp-block-column-is-layout-flow">
<p><strong>OPIS:<br></strong>&nbsp;&nbsp;&nbsp; Klony czerwone w ojczyźnie osiągają nawet 30 metrów wysokości, w Polsce najwyższe ponad 20 metrów. Rosną szybko, w młodości mają korony stożkowate ze wzniesionymi skośnie gałęziami, u starszych drzew korona staje się owalna lub zaokrąglona.&nbsp;<br>&nbsp;&nbsp;&nbsp;Klony czerwone czerwone bywają dwa razy w roku:&nbsp;<br>&#8211; wiosną, zwykle na początku kwietnia rozkwitają ciemnoczerwone, nektarodajne kwiatki, potem rozwijają się czerwonawe w młodości liście i szybko rosną owoce z czerwonymi skrzydełkami. Owoce bardzo szybko dojrzewają i opadają, już w maju lub na początku czerwca.&nbsp;<br>&#8211; drugi raz klony czerwone przybierają barwę jaskrawoczerwoną (czasem pomarańczową) jesienią, przebarwiają się przepięknie!&nbsp;<br>&nbsp;&nbsp;&nbsp;Latem 10-centymetrowe liście są z wierzchu ciemnozielone, spód mają niebieskawy.&nbsp;<br>&nbsp;&nbsp;&nbsp;Efektowna jest również gładka, popielata kora pnia.&nbsp;<br>&nbsp;&nbsp;&nbsp;Warto jeszcze wiedzieć, że na klonach czerwonych bardzo lubi rosnąć jemioła. Nie wiem, zaleta to czy wada &#8211; muszą Państwo osądzić sami.&nbsp;</p>
</div>



<div class="wp-block-column is-layout-flow wp-block-column-is-layout-flow">
<div class="wp-block-image"><figure class="aligncenter size-large"><img loading="lazy" decoding="async" width="500" height="400" src="https://www.ogrodnick.pl/word/wp-content/uploads/2020/03/acer_rubrum_pom-1.jpg" alt="" class="wp-image-572" srcset="https://www.ogrodnick.pl/word/wp-content/uploads/2020/03/acer_rubrum_pom-1.jpg 500w, https://www.ogrodnick.pl/word/wp-content/uploads/2020/03/acer_rubrum_pom-1-300x240.jpg 300w" sizes="auto, (max-width: 500px) 100vw, 500px" /></figure></div>
</div>
</div>



<div class="wp-block-columns alignfull is-layout-flex wp-container-core-columns-is-layout-9d6595d7 wp-block-columns-is-layout-flex">
<div class="wp-block-column is-layout-flow wp-block-column-is-layout-flow">
<p><strong>UPRAWA:</strong>&nbsp;<br>&nbsp;&nbsp;&nbsp;Klony czerwone są zupełnie odporne na mrozy.&nbsp;<br>&nbsp;&nbsp;&nbsp;Lubią rosnąć na stanowiskach wilgotnych a nawet podmokłych, źle rosną na glebach o odczynie zasadowym.&nbsp;<br>&nbsp;&nbsp;&nbsp;Regularne korony mają drzewa rosnące na stanowiskach słonecznych.&nbsp;</p>
</div>



<div class="wp-block-column is-layout-flow wp-block-column-is-layout-flow">
<div class="wp-block-image"><figure class="aligncenter size-large"><img loading="lazy" decoding="async" width="500" height="365" src="https://www.ogrodnick.pl/word/wp-content/uploads/2020/03/acer_rubrum_liscie-1.jpg" alt="" class="wp-image-570" srcset="https://www.ogrodnick.pl/word/wp-content/uploads/2020/03/acer_rubrum_liscie-1.jpg 500w, https://www.ogrodnick.pl/word/wp-content/uploads/2020/03/acer_rubrum_liscie-1-300x219.jpg 300w" sizes="auto, (max-width: 500px) 100vw, 500px" /></figure></div>
</div>
</div>



<div class="wp-block-columns alignfull is-layout-flex wp-container-core-columns-is-layout-9d6595d7 wp-block-columns-is-layout-flex">
<div class="wp-block-column is-layout-flow wp-block-column-is-layout-flow">
<div class="wp-block-image"><figure class="aligncenter size-large"><img loading="lazy" decoding="async" width="498" height="393" src="https://www.ogrodnick.pl/word/wp-content/uploads/2020/03/acer_rubrum_owoce-1.jpg" alt="" class="wp-image-571" srcset="https://www.ogrodnick.pl/word/wp-content/uploads/2020/03/acer_rubrum_owoce-1.jpg 498w, https://www.ogrodnick.pl/word/wp-content/uploads/2020/03/acer_rubrum_owoce-1-300x237.jpg 300w" sizes="auto, (max-width: 498px) 100vw, 498px" /></figure></div>
</div>



<div class="wp-block-column is-layout-flow wp-block-column-is-layout-flow">
<div class="wp-block-image"><figure class="aligncenter size-large"><img loading="lazy" decoding="async" width="500" height="366" src="https://www.ogrodnick.pl/word/wp-content/uploads/2020/03/acer_rubrum_kwiatkiZO-1.jpg" alt="" class="wp-image-569" srcset="https://www.ogrodnick.pl/word/wp-content/uploads/2020/03/acer_rubrum_kwiatkiZO-1.jpg 500w, https://www.ogrodnick.pl/word/wp-content/uploads/2020/03/acer_rubrum_kwiatkiZO-1-300x220.jpg 300w" sizes="auto, (max-width: 500px) 100vw, 500px" /></figure></div>
</div>
</div>



<div class="wp-block-image"><figure class="aligncenter size-large"><img loading="lazy" decoding="async" width="500" height="466" src="https://www.ogrodnick.pl/word/wp-content/uploads/2020/03/acer_rubrum_jesien-1.jpg" alt="" class="wp-image-567" srcset="https://www.ogrodnick.pl/word/wp-content/uploads/2020/03/acer_rubrum_jesien-1.jpg 500w, https://www.ogrodnick.pl/word/wp-content/uploads/2020/03/acer_rubrum_jesien-1-300x280.jpg 300w" sizes="auto, (max-width: 500px) 100vw, 500px" /></figure></div>

<p>Klon czerwony&nbsp;(Acer rubrum)&nbsp;pochodzi z Ameryki Północnej, rośnie we wschodniej połowie Kanady i Stanów zjednoczonych. OPIS:&nbsp;&nbsp;&nbsp; Klony czerwone w ojczyźnie osiągają nawet 30 metrów wysokości, w Polsce najwyższe ponad 20 metrów. Rosną szybko, w młodości mają korony stożkowate ze wzniesionymi skośnie gałęziami, u starszych drzew korona staje się owalna lub zaokrąglona.&nbsp;&nbsp;&nbsp;&nbsp;Klony czerwone czerwone bywają dwa razy [&hellip;]</p>
