{"id":345,"date":"2020-03-05T11:24:46","date_gmt":"2020-03-05T11:24:46","guid":{"rendered":"http:\/\/www.ogrodnick.pl\/word\/?page_id=345"},"modified":"2020-03-21T11:09:57","modified_gmt":"2020-03-21T11:09:57","slug":"klon-pensylwanski-acer-pensylvanicum","status":"publish","type":"page","link":"https:\/\/www.ogrodnick.pl\/word\/klon-pensylwanski-acer-pensylvanicum\/","title":{"rendered":"Klon pensylwa\u0144ski (Acer pensylvanicum)"},"content":{"rendered":"\n<div class=\"wp-block-group alignfull\"><div class=\"wp-block-group__inner-container is-layout-flow wp-block-group-is-layout-flow\">\n<p>Klon pensylwa\u0144ski&nbsp;<em>(Acer pensylvanicum)<\/em>&nbsp; ro\u015bnie w p\u00f3\u0142nocno-wschodniej cz\u0119\u015bci Stan\u00f3w Zjednoczonych i w Kanadzie.<\/p>\n<\/div><\/div>\n\n\n\n<div class=\"wp-block-columns alignfull is-layout-flex wp-container-core-columns-is-layout-9d6595d7 wp-block-columns-is-layout-flex\">\n<div class=\"wp-block-column is-layout-flow wp-block-column-is-layout-flow\">\n<p><strong>OPIS:<br><\/strong>&nbsp;&nbsp;&nbsp;W naturze klony pensylwa\u0144skie zwykle rosn\u0105 krzewiasto (ich p\u0119dy s\u0105 przysmakiem \u0142osi kt\u00f3re regularnie je &#8222;strzyg\u0105&#8221;), osi\u0105gaj\u0105 do 6 metr\u00f3w wysoko\u015bci. W uprawie mo\u017ce by\u0107 kilkunastometrowym drzewkiem z &#8222;normalnym&#8221; pniem i wzniesionymi sko\u015bnie ga\u0142\u0119ziami.&nbsp;<br>&nbsp;&nbsp;&nbsp;Najcz\u0119\u015bciej spotykany z &#8222;w\u0119\u017cokorych&#8221; klon\u00f3w, jedyny ameryka\u0144ski. Uchodzi za naj\u0142adniejszy obok klonu zielonokorego&nbsp;<em>A. tegmentosum<\/em>&nbsp;pod wzgl\u0119dem zabarwienia kory. Wielkie, nawet 20 cm. \u015brednicy li\u015bcie jesieni\u0105 przybieraj\u0105 pi\u0119kny jasno\u017c\u00f3\u0142ty kolor.&nbsp;<br><\/p>\n<\/div>\n\n\n\n<div class=\"wp-block-column is-layout-flow wp-block-column-is-layout-flow\">\n<div class=\"wp-block-image\"><figure class=\"aligncenter size-large\"><img loading=\"lazy\" decoding=\"async\" width=\"500\" height=\"604\" src=\"https:\/\/www.ogrodnick.pl\/word\/wp-content\/uploads\/2020\/03\/acer_pensylvanicum_krzew-1.jpg\" alt=\"\" class=\"wp-image-562\" srcset=\"https:\/\/www.ogrodnick.pl\/word\/wp-content\/uploads\/2020\/03\/acer_pensylvanicum_krzew-1.jpg 500w, https:\/\/www.ogrodnick.pl\/word\/wp-content\/uploads\/2020\/03\/acer_pensylvanicum_krzew-1-248x300.jpg 248w\" sizes=\"auto, (max-width: 500px) 100vw, 500px\" \/><\/figure><\/div>\n<\/div>\n<\/div>\n\n\n\n<div class=\"wp-block-columns alignfull is-layout-flex wp-container-core-columns-is-layout-9d6595d7 wp-block-columns-is-layout-flex\">\n<div class=\"wp-block-column is-layout-flow wp-block-column-is-layout-flow\">\n<p><strong>UPRAWA:<\/strong>&nbsp;<br>&nbsp;&nbsp;&nbsp;Zupe\u0142nie odporny na mrozy.&nbsp;<br>&nbsp;&nbsp;&nbsp;Jak wszystkie klony z tej sekcji najlepiej ro\u015bnie na stanowiskach wilgotnych, lekko ocieniony. Nie lubi gor\u0105ca &#8211; w pe\u0142nym s\u0142o\u0144cu kora bywa mniej efektowna, du\u017ce i cienkie li\u015bcie mog\u0105 wi\u0119dn\u0105\u0107 podczas letnich upa\u0142\u00f3w.&nbsp;<br>&nbsp;&nbsp;&nbsp;Ro\u015bnie powoli.&nbsp;<\/p>\n<\/div>\n\n\n\n<div class=\"wp-block-column is-layout-flow wp-block-column-is-layout-flow\">\n<div class=\"wp-block-image\"><figure class=\"aligncenter size-large\"><img loading=\"lazy\" decoding=\"async\" width=\"500\" height=\"331\" src=\"https:\/\/www.ogrodnick.pl\/word\/wp-content\/uploads\/2020\/03\/acer_pensylvanicum_liscie-1.jpg\" alt=\"\" class=\"wp-image-563\" srcset=\"https:\/\/www.ogrodnick.pl\/word\/wp-content\/uploads\/2020\/03\/acer_pensylvanicum_liscie-1.jpg 500w, https:\/\/www.ogrodnick.pl\/word\/wp-content\/uploads\/2020\/03\/acer_pensylvanicum_liscie-1-300x199.jpg 300w\" sizes=\"auto, (max-width: 500px) 100vw, 500px\" \/><\/figure><\/div>\n<\/div>\n<\/div>\n\n\n\n<div class=\"wp-block-columns alignfull is-layout-flex wp-container-core-columns-is-layout-9d6595d7 wp-block-columns-is-layout-flex\">\n<div class=\"wp-block-column is-layout-flow wp-block-column-is-layout-flow\">\n<div class=\"wp-block-image\"><figure class=\"aligncenter size-large\"><img loading=\"lazy\" decoding=\"async\" width=\"500\" height=\"381\" src=\"https:\/\/www.ogrodnick.pl\/word\/wp-content\/uploads\/2020\/03\/acer_pensylvanicum_pedy-1.jpg\" alt=\"\" class=\"wp-image-565\" srcset=\"https:\/\/www.ogrodnick.pl\/word\/wp-content\/uploads\/2020\/03\/acer_pensylvanicum_pedy-1.jpg 500w, https:\/\/www.ogrodnick.pl\/word\/wp-content\/uploads\/2020\/03\/acer_pensylvanicum_pedy-1-300x229.jpg 300w\" sizes=\"auto, (max-width: 500px) 100vw, 500px\" \/><\/figure><\/div>\n<\/div>\n\n\n\n<div class=\"wp-block-column is-layout-flow wp-block-column-is-layout-flow\">\n<div class=\"wp-block-image\"><figure class=\"aligncenter size-large\"><img loading=\"lazy\" decoding=\"async\" width=\"500\" height=\"342\" src=\"https:\/\/www.ogrodnick.pl\/word\/wp-content\/uploads\/2020\/03\/Acer_pensylvanicum_liscie_jesien-1.jpg\" alt=\"\" class=\"wp-image-564\" srcset=\"https:\/\/www.ogrodnick.pl\/word\/wp-content\/uploads\/2020\/03\/Acer_pensylvanicum_liscie_jesien-1.jpg 500w, https:\/\/www.ogrodnick.pl\/word\/wp-content\/uploads\/2020\/03\/Acer_pensylvanicum_liscie_jesien-1-300x205.jpg 300w\" sizes=\"auto, (max-width: 500px) 100vw, 500px\" \/><\/figure><\/div>\n<\/div>\n<\/div>\n","protected":false},"excerpt":{"rendered":"<p>Klon pensylwa\u0144ski&nbsp;(Acer pensylvanicum)&nbsp; ro\u015bnie w p\u00f3\u0142nocno-wschodniej cz\u0119\u015bci Stan\u00f3w Zjednoczonych i w Kanadzie. OPIS:&nbsp;&nbsp;&nbsp;W naturze klony pensylwa\u0144skie zwykle rosn\u0105 krzewiasto (ich p\u0119dy s\u0105 przysmakiem \u0142osi kt\u00f3re regularnie je &#8222;strzyg\u0105&#8221;), osi\u0105gaj\u0105 do 6 metr\u00f3w wysoko\u015bci. W uprawie mo\u017ce by\u0107 kilkunastometrowym drzewkiem z &#8222;normalnym&#8221; pniem i wzniesionymi sko\u015bnie ga\u0142\u0119ziami.&nbsp;&nbsp;&nbsp;&nbsp;Najcz\u0119\u015bciej spotykany z &#8222;w\u0119\u017cokorych&#8221; klon\u00f3w, jedyny ameryka\u0144ski. Uchodzi za naj\u0142adniejszy [&hellip;]<\/p>\n","protected":false},"author":1,"featured_media":0,"parent":0,"menu_order":0,"comment_status":"closed","ping_status":"closed","template":"","meta":{"footnotes":""},"class_list":["post-345","page","type-page","status-publish","hentry"],"_links":{"self":[{"href":"https:\/\/www.ogrodnick.pl\/word\/wp-json\/wp\/v2\/pages\/345","targetHints":{"allow":["GET"]}}],"collection":[{"href":"https:\/\/www.ogrodnick.pl\/word\/wp-json\/wp\/v2\/pages"}],"about":[{"href":"https:\/\/www.ogrodnick.pl\/word\/wp-json\/wp\/v2\/types\/page"}],"author":[{"embeddable":true,"href":"https:\/\/www.ogrodnick.pl\/word\/wp-json\/wp\/v2\/users\/1"}],"replies":[{"embeddable":true,"href":"https:\/\/www.ogrodnick.pl\/word\/wp-json\/wp\/v2\/comments?post=345"}],"version-history":[{"count":3,"href":"https:\/\/www.ogrodnick.pl\/word\/wp-json\/wp\/v2\/pages\/345\/revisions"}],"predecessor-version":[{"id":1057,"href":"https:\/\/www.ogrodnick.pl\/word\/wp-json\/wp\/v2\/pages\/345\/revisions\/1057"}],"wp:attachment":[{"href":"https:\/\/www.ogrodnick.pl\/word\/wp-json\/wp\/v2\/media?parent=345"}],"curies":[{"name":"wp","href":"https:\/\/api.w.org\/{rel}","templated":true}]}}

Klon pensylwański (Acer pensylvanicum)

<div class="wp-block-group alignfull"><div class="wp-block-group__inner-container is-layout-flow wp-block-group-is-layout-flow">
<p>Klon pensylwański&nbsp;<em>(Acer pensylvanicum)</em>&nbsp; rośnie w północno-wschodniej części Stanów Zjednoczonych i w Kanadzie.</p>
</div></div>



<div class="wp-block-columns alignfull is-layout-flex wp-container-core-columns-is-layout-9d6595d7 wp-block-columns-is-layout-flex">
<div class="wp-block-column is-layout-flow wp-block-column-is-layout-flow">
<p><strong>OPIS:<br></strong>&nbsp;&nbsp;&nbsp;W naturze klony pensylwańskie zwykle rosną krzewiasto (ich pędy są przysmakiem łosi które regularnie je &#8222;strzygą&#8221;), osiągają do 6 metrów wysokości. W uprawie może być kilkunastometrowym drzewkiem z &#8222;normalnym&#8221; pniem i wzniesionymi skośnie gałęziami.&nbsp;<br>&nbsp;&nbsp;&nbsp;Najczęściej spotykany z &#8222;wężokorych&#8221; klonów, jedyny amerykański. Uchodzi za najładniejszy obok klonu zielonokorego&nbsp;<em>A. tegmentosum</em>&nbsp;pod względem zabarwienia kory. Wielkie, nawet 20 cm. średnicy liście jesienią przybierają piękny jasnożółty kolor.&nbsp;<br></p>
</div>



<div class="wp-block-column is-layout-flow wp-block-column-is-layout-flow">
<div class="wp-block-image"><figure class="aligncenter size-large"><img loading="lazy" decoding="async" width="500" height="604" src="https://www.ogrodnick.pl/word/wp-content/uploads/2020/03/acer_pensylvanicum_krzew-1.jpg" alt="" class="wp-image-562" srcset="https://www.ogrodnick.pl/word/wp-content/uploads/2020/03/acer_pensylvanicum_krzew-1.jpg 500w, https://www.ogrodnick.pl/word/wp-content/uploads/2020/03/acer_pensylvanicum_krzew-1-248x300.jpg 248w" sizes="auto, (max-width: 500px) 100vw, 500px" /></figure></div>
</div>
</div>



<div class="wp-block-columns alignfull is-layout-flex wp-container-core-columns-is-layout-9d6595d7 wp-block-columns-is-layout-flex">
<div class="wp-block-column is-layout-flow wp-block-column-is-layout-flow">
<p><strong>UPRAWA:</strong>&nbsp;<br>&nbsp;&nbsp;&nbsp;Zupełnie odporny na mrozy.&nbsp;<br>&nbsp;&nbsp;&nbsp;Jak wszystkie klony z tej sekcji najlepiej rośnie na stanowiskach wilgotnych, lekko ocieniony. Nie lubi gorąca &#8211; w pełnym słońcu kora bywa mniej efektowna, duże i cienkie liście mogą więdnąć podczas letnich upałów.&nbsp;<br>&nbsp;&nbsp;&nbsp;Rośnie powoli.&nbsp;</p>
</div>



<div class="wp-block-column is-layout-flow wp-block-column-is-layout-flow">
<div class="wp-block-image"><figure class="aligncenter size-large"><img loading="lazy" decoding="async" width="500" height="331" src="https://www.ogrodnick.pl/word/wp-content/uploads/2020/03/acer_pensylvanicum_liscie-1.jpg" alt="" class="wp-image-563" srcset="https://www.ogrodnick.pl/word/wp-content/uploads/2020/03/acer_pensylvanicum_liscie-1.jpg 500w, https://www.ogrodnick.pl/word/wp-content/uploads/2020/03/acer_pensylvanicum_liscie-1-300x199.jpg 300w" sizes="auto, (max-width: 500px) 100vw, 500px" /></figure></div>
</div>
</div>



<div class="wp-block-columns alignfull is-layout-flex wp-container-core-columns-is-layout-9d6595d7 wp-block-columns-is-layout-flex">
<div class="wp-block-column is-layout-flow wp-block-column-is-layout-flow">
<div class="wp-block-image"><figure class="aligncenter size-large"><img loading="lazy" decoding="async" width="500" height="381" src="https://www.ogrodnick.pl/word/wp-content/uploads/2020/03/acer_pensylvanicum_pedy-1.jpg" alt="" class="wp-image-565" srcset="https://www.ogrodnick.pl/word/wp-content/uploads/2020/03/acer_pensylvanicum_pedy-1.jpg 500w, https://www.ogrodnick.pl/word/wp-content/uploads/2020/03/acer_pensylvanicum_pedy-1-300x229.jpg 300w" sizes="auto, (max-width: 500px) 100vw, 500px" /></figure></div>
</div>



<div class="wp-block-column is-layout-flow wp-block-column-is-layout-flow">
<div class="wp-block-image"><figure class="aligncenter size-large"><img loading="lazy" decoding="async" width="500" height="342" src="https://www.ogrodnick.pl/word/wp-content/uploads/2020/03/Acer_pensylvanicum_liscie_jesien-1.jpg" alt="" class="wp-image-564" srcset="https://www.ogrodnick.pl/word/wp-content/uploads/2020/03/Acer_pensylvanicum_liscie_jesien-1.jpg 500w, https://www.ogrodnick.pl/word/wp-content/uploads/2020/03/Acer_pensylvanicum_liscie_jesien-1-300x205.jpg 300w" sizes="auto, (max-width: 500px) 100vw, 500px" /></figure></div>
</div>
</div>

<p>Klon pensylwański&nbsp;(Acer pensylvanicum)&nbsp; rośnie w północno-wschodniej części Stanów Zjednoczonych i w Kanadzie. OPIS:&nbsp;&nbsp;&nbsp;W naturze klony pensylwańskie zwykle rosną krzewiasto (ich pędy są przysmakiem łosi które regularnie je &#8222;strzygą&#8221;), osiągają do 6 metrów wysokości. W uprawie może być kilkunastometrowym drzewkiem z &#8222;normalnym&#8221; pniem i wzniesionymi skośnie gałęziami.&nbsp;&nbsp;&nbsp;&nbsp;Najczęściej spotykany z &#8222;wężokorych&#8221; klonów, jedyny amerykański. Uchodzi za najładniejszy [&hellip;]</p>
