{"id":340,"date":"2020-03-05T10:54:46","date_gmt":"2020-03-05T10:54:46","guid":{"rendered":"http:\/\/www.ogrodnick.pl\/word\/?page_id=340"},"modified":"2020-03-20T13:43:04","modified_gmt":"2020-03-20T13:43:04","slug":"klon-ginnala-acer-ginnala-2","status":"publish","type":"page","link":"https:\/\/www.ogrodnick.pl\/word\/klon-ginnala-acer-ginnala-2\/","title":{"rendered":"Klon ginnala (Acer ginnala)"},"content":{"rendered":"\n<div class=\"wp-block-group alignfull\"><div class=\"wp-block-group__inner-container is-layout-flow wp-block-group-is-layout-flow\">\n<p>Klon ginnala&nbsp;<em>(Acer ginnala)<\/em>.&nbsp; Wyst\u0119puje w Japonii i na wschodzie Azji. (Anglosasi nazywaj\u0105 go &#8222;Amur maple&#8221;.)<\/p>\n<\/div><\/div>\n\n\n\n<div class=\"wp-block-columns alignfull is-layout-flex wp-container-core-columns-is-layout-9d6595d7 wp-block-columns-is-layout-flex\">\n<div class=\"wp-block-column is-layout-flow wp-block-column-is-layout-flow\">\n<p><br><strong>OPIS:<br><\/strong>&nbsp;&nbsp;&nbsp;Du\u017cy krzew lub ma\u0142e drzewko do 7 metr\u00f3w wysoko\u015bci, je\u015bli nieformowane to nisko rozga\u0142\u0119zione lub wielopniowe.&nbsp;<br>&nbsp;&nbsp;&nbsp;Niezwykle atrakcyjny jesieni\u0105, kiedy wspaniale przebarwia li\u015bcie na czerwono i pomara\u0144czowo, oraz w czerwcu i lipcu, kiedy zdobi\u0105 go czerwone skrzydlaki (owoce). Naprawd\u0119, wygl\u0105da wtedy jak kwitn\u0105cy!&nbsp;<br>&nbsp;&nbsp;&nbsp;Kwitnie w ko\u0144cu maja i czerwcu, drobne kwiatki zebrane w wiechy pachn\u0105 i s\u0105 bardzo nektarodajne.&nbsp;<br>&nbsp;&nbsp;&nbsp;Na stanowiskach s\u0142onecznych i suchych przebarwia si\u0119 rewelacyjnie. Niemiecka nazwa to &#8222;Feuer-Ahorn&#8221; &#8211; klon ognisty.&nbsp;<br><\/p>\n<\/div>\n\n\n\n<div class=\"wp-block-column is-layout-flow wp-block-column-is-layout-flow\">\n<div class=\"wp-block-image\"><figure class=\"aligncenter size-large\"><img loading=\"lazy\" decoding=\"async\" width=\"500\" height=\"375\" src=\"https:\/\/www.ogrodnick.pl\/word\/wp-content\/uploads\/2020\/03\/acer_ginnala_ziel_szpaler-1.jpg\" alt=\"\" class=\"wp-image-551\" srcset=\"https:\/\/www.ogrodnick.pl\/word\/wp-content\/uploads\/2020\/03\/acer_ginnala_ziel_szpaler-1.jpg 500w, https:\/\/www.ogrodnick.pl\/word\/wp-content\/uploads\/2020\/03\/acer_ginnala_ziel_szpaler-1-300x225.jpg 300w\" sizes=\"auto, (max-width: 500px) 100vw, 500px\" \/><\/figure><\/div>\n<\/div>\n<\/div>\n\n\n\n<div class=\"wp-block-columns alignfull is-layout-flex wp-container-core-columns-is-layout-9d6595d7 wp-block-columns-is-layout-flex\">\n<div class=\"wp-block-column is-layout-flow wp-block-column-is-layout-flow\">\n<p><strong>UPRAWA:<\/strong>&nbsp;<br>&nbsp;&nbsp;&nbsp;Zupe\u0142nie odporny na mrozy, niewymagaj\u0105cy co do gleby, ale \u015bwiat\u0142olubny.<br>&nbsp;&nbsp;&nbsp;Bardzo dobrze znosi przycinanie &#8211; doskona\u0142y na strzy\u017cone \u017cywop\u0142oty i szpalery.&nbsp;<br>&nbsp;&nbsp;&nbsp;\u0141atwo znosi przesadzanie&nbsp;<\/p>\n<\/div>\n\n\n\n<div class=\"wp-block-column is-layout-flow wp-block-column-is-layout-flow\">\n<div class=\"wp-block-image\"><figure class=\"aligncenter size-large\"><img loading=\"lazy\" decoding=\"async\" width=\"500\" height=\"368\" src=\"https:\/\/www.ogrodnick.pl\/word\/wp-content\/uploads\/2020\/03\/acer_ginnala_szpaler_jesien-1.jpg\" alt=\"\" class=\"wp-image-550\" srcset=\"https:\/\/www.ogrodnick.pl\/word\/wp-content\/uploads\/2020\/03\/acer_ginnala_szpaler_jesien-1.jpg 500w, https:\/\/www.ogrodnick.pl\/word\/wp-content\/uploads\/2020\/03\/acer_ginnala_szpaler_jesien-1-300x221.jpg 300w\" sizes=\"auto, (max-width: 500px) 100vw, 500px\" \/><\/figure><\/div>\n<\/div>\n<\/div>\n\n\n\n<div class=\"wp-block-columns alignfull is-layout-flex wp-container-core-columns-is-layout-9d6595d7 wp-block-columns-is-layout-flex\">\n<div class=\"wp-block-column is-layout-flow wp-block-column-is-layout-flow\">\n<div class=\"wp-block-image\"><figure class=\"aligncenter size-large\"><img loading=\"lazy\" decoding=\"async\" width=\"500\" height=\"398\" src=\"https:\/\/www.ogrodnick.pl\/word\/wp-content\/uploads\/2020\/03\/acer_ginnala_duzy-1.jpg\" alt=\"\" class=\"wp-image-546\" srcset=\"https:\/\/www.ogrodnick.pl\/word\/wp-content\/uploads\/2020\/03\/acer_ginnala_duzy-1.jpg 500w, https:\/\/www.ogrodnick.pl\/word\/wp-content\/uploads\/2020\/03\/acer_ginnala_duzy-1-300x239.jpg 300w\" sizes=\"auto, (max-width: 500px) 100vw, 500px\" \/><\/figure><\/div>\n\n\n\n<div class=\"wp-block-image\"><figure class=\"aligncenter size-large\"><img loading=\"lazy\" decoding=\"async\" width=\"500\" height=\"390\" src=\"https:\/\/www.ogrodnick.pl\/word\/wp-content\/uploads\/2020\/03\/acer_ginnala_kwiatki-1.jpg\" alt=\"\" class=\"wp-image-548\" srcset=\"https:\/\/www.ogrodnick.pl\/word\/wp-content\/uploads\/2020\/03\/acer_ginnala_kwiatki-1.jpg 500w, https:\/\/www.ogrodnick.pl\/word\/wp-content\/uploads\/2020\/03\/acer_ginnala_kwiatki-1-300x234.jpg 300w\" sizes=\"auto, (max-width: 500px) 100vw, 500px\" \/><\/figure><\/div>\n<\/div>\n\n\n\n<div class=\"wp-block-column is-layout-flow wp-block-column-is-layout-flow\">\n<div class=\"wp-block-image\"><figure class=\"aligncenter size-large\"><img loading=\"lazy\" decoding=\"async\" width=\"500\" height=\"335\" src=\"https:\/\/www.ogrodnick.pl\/word\/wp-content\/uploads\/2020\/03\/acer_ginnala_jesien-1.jpg\" alt=\"\" class=\"wp-image-547\" srcset=\"https:\/\/www.ogrodnick.pl\/word\/wp-content\/uploads\/2020\/03\/acer_ginnala_jesien-1.jpg 500w, https:\/\/www.ogrodnick.pl\/word\/wp-content\/uploads\/2020\/03\/acer_ginnala_jesien-1-300x201.jpg 300w\" sizes=\"auto, (max-width: 500px) 100vw, 500px\" \/><\/figure><\/div>\n\n\n\n<div class=\"wp-block-image\"><figure class=\"aligncenter size-large\"><img loading=\"lazy\" decoding=\"async\" width=\"500\" height=\"392\" src=\"https:\/\/www.ogrodnick.pl\/word\/wp-content\/uploads\/2020\/03\/acer_ginnala_owoce-1.jpg\" alt=\"\" class=\"wp-image-549\" srcset=\"https:\/\/www.ogrodnick.pl\/word\/wp-content\/uploads\/2020\/03\/acer_ginnala_owoce-1.jpg 500w, https:\/\/www.ogrodnick.pl\/word\/wp-content\/uploads\/2020\/03\/acer_ginnala_owoce-1-300x235.jpg 300w\" sizes=\"auto, (max-width: 500px) 100vw, 500px\" \/><\/figure><\/div>\n<\/div>\n<\/div>\n","protected":false},"excerpt":{"rendered":"<p>Klon ginnala&nbsp;(Acer ginnala).&nbsp; Wyst\u0119puje w Japonii i na wschodzie Azji. (Anglosasi nazywaj\u0105 go &#8222;Amur maple&#8221;.) OPIS:&nbsp;&nbsp;&nbsp;Du\u017cy krzew lub ma\u0142e drzewko do 7 metr\u00f3w wysoko\u015bci, je\u015bli nieformowane to nisko rozga\u0142\u0119zione lub wielopniowe.&nbsp;&nbsp;&nbsp;&nbsp;Niezwykle atrakcyjny jesieni\u0105, kiedy wspaniale przebarwia li\u015bcie na czerwono i pomara\u0144czowo, oraz w czerwcu i lipcu, kiedy zdobi\u0105 go czerwone skrzydlaki (owoce). Naprawd\u0119, wygl\u0105da wtedy [&hellip;]<\/p>\n","protected":false},"author":1,"featured_media":0,"parent":0,"menu_order":0,"comment_status":"closed","ping_status":"closed","template":"","meta":{"footnotes":""},"class_list":["post-340","page","type-page","status-publish","hentry"],"_links":{"self":[{"href":"https:\/\/www.ogrodnick.pl\/word\/wp-json\/wp\/v2\/pages\/340","targetHints":{"allow":["GET"]}}],"collection":[{"href":"https:\/\/www.ogrodnick.pl\/word\/wp-json\/wp\/v2\/pages"}],"about":[{"href":"https:\/\/www.ogrodnick.pl\/word\/wp-json\/wp\/v2\/types\/page"}],"author":[{"embeddable":true,"href":"https:\/\/www.ogrodnick.pl\/word\/wp-json\/wp\/v2\/users\/1"}],"replies":[{"embeddable":true,"href":"https:\/\/www.ogrodnick.pl\/word\/wp-json\/wp\/v2\/comments?post=340"}],"version-history":[{"count":2,"href":"https:\/\/www.ogrodnick.pl\/word\/wp-json\/wp\/v2\/pages\/340\/revisions"}],"predecessor-version":[{"id":1054,"href":"https:\/\/www.ogrodnick.pl\/word\/wp-json\/wp\/v2\/pages\/340\/revisions\/1054"}],"wp:attachment":[{"href":"https:\/\/www.ogrodnick.pl\/word\/wp-json\/wp\/v2\/media?parent=340"}],"curies":[{"name":"wp","href":"https:\/\/api.w.org\/{rel}","templated":true}]}}

<div class="wp-block-group alignfull"><div class="wp-block-group__inner-container is-layout-flow wp-block-group-is-layout-flow">
<p>Klon ginnala&nbsp;<em>(Acer ginnala)</em>.&nbsp; Występuje w Japonii i na wschodzie Azji. (Anglosasi nazywają go &#8222;Amur maple&#8221;.)</p>
</div></div>



<div class="wp-block-columns alignfull is-layout-flex wp-container-core-columns-is-layout-9d6595d7 wp-block-columns-is-layout-flex">
<div class="wp-block-column is-layout-flow wp-block-column-is-layout-flow">
<p><br><strong>OPIS:<br></strong>&nbsp;&nbsp;&nbsp;Duży krzew lub małe drzewko do 7 metrów wysokości, jeśli nieformowane to nisko rozgałęzione lub wielopniowe.&nbsp;<br>&nbsp;&nbsp;&nbsp;Niezwykle atrakcyjny jesienią, kiedy wspaniale przebarwia liście na czerwono i pomarańczowo, oraz w czerwcu i lipcu, kiedy zdobią go czerwone skrzydlaki (owoce). Naprawdę, wygląda wtedy jak kwitnący!&nbsp;<br>&nbsp;&nbsp;&nbsp;Kwitnie w końcu maja i czerwcu, drobne kwiatki zebrane w wiechy pachną i są bardzo nektarodajne.&nbsp;<br>&nbsp;&nbsp;&nbsp;Na stanowiskach słonecznych i suchych przebarwia się rewelacyjnie. Niemiecka nazwa to &#8222;Feuer-Ahorn&#8221; &#8211; klon ognisty.&nbsp;<br></p>
</div>



<div class="wp-block-column is-layout-flow wp-block-column-is-layout-flow">
<div class="wp-block-image"><figure class="aligncenter size-large"><img loading="lazy" decoding="async" width="500" height="375" src="https://www.ogrodnick.pl/word/wp-content/uploads/2020/03/acer_ginnala_ziel_szpaler-1.jpg" alt="" class="wp-image-551" srcset="https://www.ogrodnick.pl/word/wp-content/uploads/2020/03/acer_ginnala_ziel_szpaler-1.jpg 500w, https://www.ogrodnick.pl/word/wp-content/uploads/2020/03/acer_ginnala_ziel_szpaler-1-300x225.jpg 300w" sizes="auto, (max-width: 500px) 100vw, 500px" /></figure></div>
</div>
</div>



<div class="wp-block-columns alignfull is-layout-flex wp-container-core-columns-is-layout-9d6595d7 wp-block-columns-is-layout-flex">
<div class="wp-block-column is-layout-flow wp-block-column-is-layout-flow">
<p><strong>UPRAWA:</strong>&nbsp;<br>&nbsp;&nbsp;&nbsp;Zupełnie odporny na mrozy, niewymagający co do gleby, ale światłolubny.<br>&nbsp;&nbsp;&nbsp;Bardzo dobrze znosi przycinanie &#8211; doskonały na strzyżone żywopłoty i szpalery.&nbsp;<br>&nbsp;&nbsp;&nbsp;Łatwo znosi przesadzanie&nbsp;</p>
</div>



<div class="wp-block-column is-layout-flow wp-block-column-is-layout-flow">
<div class="wp-block-image"><figure class="aligncenter size-large"><img loading="lazy" decoding="async" width="500" height="368" src="https://www.ogrodnick.pl/word/wp-content/uploads/2020/03/acer_ginnala_szpaler_jesien-1.jpg" alt="" class="wp-image-550" srcset="https://www.ogrodnick.pl/word/wp-content/uploads/2020/03/acer_ginnala_szpaler_jesien-1.jpg 500w, https://www.ogrodnick.pl/word/wp-content/uploads/2020/03/acer_ginnala_szpaler_jesien-1-300x221.jpg 300w" sizes="auto, (max-width: 500px) 100vw, 500px" /></figure></div>
</div>
</div>



<div class="wp-block-columns alignfull is-layout-flex wp-container-core-columns-is-layout-9d6595d7 wp-block-columns-is-layout-flex">
<div class="wp-block-column is-layout-flow wp-block-column-is-layout-flow">
<div class="wp-block-image"><figure class="aligncenter size-large"><img loading="lazy" decoding="async" width="500" height="398" src="https://www.ogrodnick.pl/word/wp-content/uploads/2020/03/acer_ginnala_duzy-1.jpg" alt="" class="wp-image-546" srcset="https://www.ogrodnick.pl/word/wp-content/uploads/2020/03/acer_ginnala_duzy-1.jpg 500w, https://www.ogrodnick.pl/word/wp-content/uploads/2020/03/acer_ginnala_duzy-1-300x239.jpg 300w" sizes="auto, (max-width: 500px) 100vw, 500px" /></figure></div>



<div class="wp-block-image"><figure class="aligncenter size-large"><img loading="lazy" decoding="async" width="500" height="390" src="https://www.ogrodnick.pl/word/wp-content/uploads/2020/03/acer_ginnala_kwiatki-1.jpg" alt="" class="wp-image-548" srcset="https://www.ogrodnick.pl/word/wp-content/uploads/2020/03/acer_ginnala_kwiatki-1.jpg 500w, https://www.ogrodnick.pl/word/wp-content/uploads/2020/03/acer_ginnala_kwiatki-1-300x234.jpg 300w" sizes="auto, (max-width: 500px) 100vw, 500px" /></figure></div>
</div>



<div class="wp-block-column is-layout-flow wp-block-column-is-layout-flow">
<div class="wp-block-image"><figure class="aligncenter size-large"><img loading="lazy" decoding="async" width="500" height="335" src="https://www.ogrodnick.pl/word/wp-content/uploads/2020/03/acer_ginnala_jesien-1.jpg" alt="" class="wp-image-547" srcset="https://www.ogrodnick.pl/word/wp-content/uploads/2020/03/acer_ginnala_jesien-1.jpg 500w, https://www.ogrodnick.pl/word/wp-content/uploads/2020/03/acer_ginnala_jesien-1-300x201.jpg 300w" sizes="auto, (max-width: 500px) 100vw, 500px" /></figure></div>



<div class="wp-block-image"><figure class="aligncenter size-large"><img loading="lazy" decoding="async" width="500" height="392" src="https://www.ogrodnick.pl/word/wp-content/uploads/2020/03/acer_ginnala_owoce-1.jpg" alt="" class="wp-image-549" srcset="https://www.ogrodnick.pl/word/wp-content/uploads/2020/03/acer_ginnala_owoce-1.jpg 500w, https://www.ogrodnick.pl/word/wp-content/uploads/2020/03/acer_ginnala_owoce-1-300x235.jpg 300w" sizes="auto, (max-width: 500px) 100vw, 500px" /></figure></div>
</div>
</div>

<p>Klon ginnala&nbsp;(Acer ginnala).&nbsp; Występuje w Japonii i na wschodzie Azji. (Anglosasi nazywają go &#8222;Amur maple&#8221;.) OPIS:&nbsp;&nbsp;&nbsp;Duży krzew lub małe drzewko do 7 metrów wysokości, jeśli nieformowane to nisko rozgałęzione lub wielopniowe.&nbsp;&nbsp;&nbsp;&nbsp;Niezwykle atrakcyjny jesienią, kiedy wspaniale przebarwia liście na czerwono i pomarańczowo, oraz w czerwcu i lipcu, kiedy zdobią go czerwone skrzydlaki (owoce). Naprawdę, wygląda wtedy [&hellip;]</p>
