{"id":32,"date":"2020-02-13T12:42:30","date_gmt":"2020-02-13T12:42:30","guid":{"rendered":"http:\/\/www.ogrodnick.pl\/word\/?page_id=32"},"modified":"2025-10-23T08:38:44","modified_gmt":"2025-10-23T08:38:44","slug":"kontakt","status":"publish","type":"page","link":"https:\/\/www.ogrodnick.pl\/word\/kontakt\/","title":{"rendered":"Kontakt"},"content":{"rendered":"\n<div class=\"wp-block-group alignfull\"><div class=\"wp-block-group__inner-container is-layout-flow wp-block-group-is-layout-flow\">\n<div class=\"wp-block-columns alignfull is-layout-flex wp-container-core-columns-is-layout-9d6595d7 wp-block-columns-is-layout-flex\">\n<div class=\"wp-block-column is-layout-flow wp-block-column-is-layout-flow\">\nJerzy Oreszczuk <br>\nZawada Nowa 9<br> 26-720 Policzna <br>\ntelefon stacjonarny, nowy numer: (48) 31 20 500 (nie odbiera SMS)<br> tel. kom\u00f3rkowy: 603 272 852 <br>\nE-mail: <a href=\"mailto:jerzyoreszczuk@ogrodnick.pl\">jerzyoreszczuk@ogrodnick.pl <\/a>\n\n\n\n<p><\/p>\n\n\n\n<p>Nie mam sklepu internetowego w kt\u00f3rym mo\u017cna robi\u0107 zakupy kilkoma klikni\u0119ciami (ponad 200 gatunk\u00f3w, r\u00f3\u017cne odmiany i wielko\u015bci) &#8211; musia\u0142by by\u0107 bardzo du\u017cy i bardzo cz\u0119sto aktualizowany.<\/p>\n\n\n\n<p>Przyjmuj\u0119 zam\u00f3wienia mejlowe i telefoniczne, zwykle musz\u0105 by\u0107 one poprzedzone jakimi\u015b szczeg\u00f3\u0142owymi ustaleniami. Najszybciej odpowiem na wszystkie pytania je\u015bli Pa\u0144stwo zatelefonuj\u0105  na numer 603 272 852 .  Na mejle odpowiadam wieczorami, w sezonie czasem co\u015b przeocz\u0119 lub  nie mam do\u015b\u0107 czasu aby robi\u0107 to na bie\u017c\u0105co (pisz\u0119 dwoma palcami) &#8211; je\u015bli nie odpowiadam, prosz\u0119 o telefon lub przypominaj\u0105cy SMS.<\/p>\n<\/div>\n\n\n\n<div class=\"wp-block-column is-layout-flow wp-block-column-is-layout-flow\">\n<iframe loading=\"lazy\" src=\"https:\/\/www.google.com\/maps\/embed?pb=!1m14!1m8!1m3!1d39744.539252896386!2d21.727259!3d51.494249!3m2!1i1024!2i768!4f13.1!3m3!1m2!1s0x0%3A0x199f4a481e42f3a0!2sJerzy%20Oreszczuk%2C%20Szk%C3%B3%C5%82ka%20drzew%20i%20krzew%C3%B3w%20li%C5%9Bciastych!5e0!3m2!1sen!2spl!4v1581609648057!5m2!1sen!2spl\" style=\"border:0;\" allowfullscreen=\"\" width=\"600\" height=\"450\" frameborder=\"0\"><\/iframe>\n<\/div>\n<\/div>\n<\/div><\/div>\n\n\n\n<div class=\"wp-block-group alignfull\"><div class=\"wp-block-group__inner-container is-layout-flow wp-block-group-is-layout-flow\">\n<figure class=\"wp-block-image size-large\"><img loading=\"lazy\" decoding=\"async\" width=\"1024\" height=\"768\" src=\"https:\/\/www.ogrodnick.pl\/word\/wp-content\/uploads\/2020\/02\/pict0526-1024x768.jpg\" alt=\"\" class=\"wp-image-57\" srcset=\"https:\/\/www.ogrodnick.pl\/word\/wp-content\/uploads\/2020\/02\/pict0526-1024x768.jpg 1024w, https:\/\/www.ogrodnick.pl\/word\/wp-content\/uploads\/2020\/02\/pict0526-300x225.jpg 300w, https:\/\/www.ogrodnick.pl\/word\/wp-content\/uploads\/2020\/02\/pict0526-768x576.jpg 768w, https:\/\/www.ogrodnick.pl\/word\/wp-content\/uploads\/2020\/02\/pict0526-1536x1152.jpg 1536w, https:\/\/www.ogrodnick.pl\/word\/wp-content\/uploads\/2020\/02\/pict0526-2048x1536.jpg 2048w, https:\/\/www.ogrodnick.pl\/word\/wp-content\/uploads\/2020\/02\/pict0526-1200x900.jpg 1200w, https:\/\/www.ogrodnick.pl\/word\/wp-content\/uploads\/2020\/02\/pict0526-1980x1485.jpg 1980w\" sizes=\"auto, (max-width: 1024px) 100vw, 1024px\" \/><figcaption class=\"wp-element-caption\">Siewka 'Shigitatsu Sawa&#8217;<\/figcaption><\/figure>\n<\/div><\/div>\n\n\n","protected":false},"excerpt":{"rendered":"<p>Jerzy Oreszczuk Zawada Nowa 9 26-720 Policzna telefon stacjonarny, nowy numer: (48) 31 20 500 (nie odbiera SMS) tel. kom\u00f3rkowy: 603 272 852 E-mail: jerzyoreszczuk@ogrodnick.pl Nie mam sklepu internetowego w kt\u00f3rym mo\u017cna robi\u0107 zakupy kilkoma klikni\u0119ciami (ponad 200 gatunk\u00f3w, r\u00f3\u017cne odmiany i wielko\u015bci) &#8211; musia\u0142by by\u0107 bardzo du\u017cy i bardzo cz\u0119sto aktualizowany. Przyjmuj\u0119 zam\u00f3wienia mejlowe [&hellip;]<\/p>\n","protected":false},"author":1,"featured_media":0,"parent":0,"menu_order":0,"comment_status":"closed","ping_status":"closed","template":"","meta":{"footnotes":""},"class_list":["post-32","page","type-page","status-publish","hentry"],"_links":{"self":[{"href":"https:\/\/www.ogrodnick.pl\/word\/wp-json\/wp\/v2\/pages\/32","targetHints":{"allow":["GET"]}}],"collection":[{"href":"https:\/\/www.ogrodnick.pl\/word\/wp-json\/wp\/v2\/pages"}],"about":[{"href":"https:\/\/www.ogrodnick.pl\/word\/wp-json\/wp\/v2\/types\/page"}],"author":[{"embeddable":true,"href":"https:\/\/www.ogrodnick.pl\/word\/wp-json\/wp\/v2\/users\/1"}],"replies":[{"embeddable":true,"href":"https:\/\/www.ogrodnick.pl\/word\/wp-json\/wp\/v2\/comments?post=32"}],"version-history":[{"count":13,"href":"https:\/\/www.ogrodnick.pl\/word\/wp-json\/wp\/v2\/pages\/32\/revisions"}],"predecessor-version":[{"id":1563,"href":"https:\/\/www.ogrodnick.pl\/word\/wp-json\/wp\/v2\/pages\/32\/revisions\/1563"}],"wp:attachment":[{"href":"https:\/\/www.ogrodnick.pl\/word\/wp-json\/wp\/v2\/media?parent=32"}],"curies":[{"name":"wp","href":"https:\/\/api.w.org\/{rel}","templated":true}]}}

<div class="wp-block-group alignfull"><div class="wp-block-group__inner-container is-layout-flow wp-block-group-is-layout-flow">
<div class="wp-block-columns alignfull is-layout-flex wp-container-core-columns-is-layout-9d6595d7 wp-block-columns-is-layout-flex">
<div class="wp-block-column is-layout-flow wp-block-column-is-layout-flow">
Jerzy Oreszczuk <br>
Zawada Nowa 9<br> 26-720 Policzna <br>
telefon stacjonarny, nowy numer: (48) 31 20 500 (nie odbiera SMS)<br> tel. komórkowy: 603 272 852 <br>
E-mail: <a href="mailto:jerzyoreszczuk@ogrodnick.pl">jerzyoreszczuk@ogrodnick.pl </a>



<p></p>



<p>Nie mam sklepu internetowego w którym można robić zakupy kilkoma kliknięciami (ponad 200 gatunków, różne odmiany i wielkości) &#8211; musiałby być bardzo duży i bardzo często aktualizowany.</p>



<p>Przyjmuję zamówienia mejlowe i telefoniczne, zwykle muszą być one poprzedzone jakimiś szczegółowymi ustaleniami. Najszybciej odpowiem na wszystkie pytania jeśli Państwo zatelefonują  na numer 603 272 852 .  Na mejle odpowiadam wieczorami, w sezonie czasem coś przeoczę lub  nie mam dość czasu aby robić to na bieżąco (piszę dwoma palcami) &#8211; jeśli nie odpowiadam, proszę o telefon lub przypominający SMS.</p>
</div>



<div class="wp-block-column is-layout-flow wp-block-column-is-layout-flow">
<iframe loading="lazy" src="https://www.google.com/maps/embed?pb=!1m14!1m8!1m3!1d39744.539252896386!2d21.727259!3d51.494249!3m2!1i1024!2i768!4f13.1!3m3!1m2!1s0x0%3A0x199f4a481e42f3a0!2sJerzy%20Oreszczuk%2C%20Szk%C3%B3%C5%82ka%20drzew%20i%20krzew%C3%B3w%20li%C5%9Bciastych!5e0!3m2!1sen!2spl!4v1581609648057!5m2!1sen!2spl" style="border:0;" allowfullscreen="" width="600" height="450" frameborder="0"></iframe>
</div>
</div>
</div></div>



<div class="wp-block-group alignfull"><div class="wp-block-group__inner-container is-layout-flow wp-block-group-is-layout-flow">
<figure class="wp-block-image size-large"><img loading="lazy" decoding="async" width="1024" height="768" src="https://www.ogrodnick.pl/word/wp-content/uploads/2020/02/pict0526-1024x768.jpg" alt="" class="wp-image-57" srcset="https://www.ogrodnick.pl/word/wp-content/uploads/2020/02/pict0526-1024x768.jpg 1024w, https://www.ogrodnick.pl/word/wp-content/uploads/2020/02/pict0526-300x225.jpg 300w, https://www.ogrodnick.pl/word/wp-content/uploads/2020/02/pict0526-768x576.jpg 768w, https://www.ogrodnick.pl/word/wp-content/uploads/2020/02/pict0526-1536x1152.jpg 1536w, https://www.ogrodnick.pl/word/wp-content/uploads/2020/02/pict0526-2048x1536.jpg 2048w, https://www.ogrodnick.pl/word/wp-content/uploads/2020/02/pict0526-1200x900.jpg 1200w, https://www.ogrodnick.pl/word/wp-content/uploads/2020/02/pict0526-1980x1485.jpg 1980w" sizes="auto, (max-width: 1024px) 100vw, 1024px" /><figcaption class="wp-element-caption">Siewka 'Shigitatsu Sawa&#8217;</figcaption></figure>
</div></div>

<p>Jerzy Oreszczuk Zawada Nowa 9 26-720 Policzna telefon stacjonarny, nowy numer: (48) 31 20 500 (nie odbiera SMS) tel. komórkowy: 603 272 852 E-mail: jerzyoreszczuk@ogrodnick.pl Nie mam sklepu internetowego w którym można robić zakupy kilkoma kliknięciami (ponad 200 gatunków, różne odmiany i wielkości) &#8211; musiałby być bardzo duży i bardzo często aktualizowany. Przyjmuję zamówienia mejlowe [&hellip;]</p>
