{"id":1525,"date":"2024-03-12T09:34:16","date_gmt":"2024-03-12T09:34:16","guid":{"rendered":"https:\/\/www.ogrodnick.pl\/word\/?page_id=1525"},"modified":"2026-04-06T19:43:02","modified_gmt":"2026-04-06T19:43:02","slug":"urodlin-asimina-triloba-szczepione-odmiany-owocowe","status":"publish","type":"page","link":"https:\/\/www.ogrodnick.pl\/word\/urodlin-asimina-triloba-szczepione-odmiany-owocowe\/","title":{"rendered":"Urodlin (Asimina triloba) -szczepione odmiany owocowe"},"content":{"rendered":"\n<p>Spo\u015br\u00f3d blisko tysi\u0105ca nazwanych odmian co roku sczepi\u0119 oko\u0142o trzydzie\u015bci wed\u0142ug mojej wiedzy wartych rozpowszechnienia. Te ze szczepienia latem poprzedniego roku sprzedawa\u0107 b\u0119d\u0119 gdy zaczn\u0105 intensywnie rosn\u0105\u0107,  od pocz\u0105tku maja. Nieliczne wi\u0119ksze i starsze (nawet ju\u017c z p\u0105czkami kwiatowymi) jakie zdo\u0142a\u0142em zachowa\u0107 s\u0105 przede wszystkim dla tych, kt\u00f3rzy zechc\u0105 mnie odwiedzi\u0107 w szk\u00f3\u0142ce.<\/p>\n\n\n\n<p>W tym sezonie oferuj\u0119 ponad 30 odmian:<\/p>\n\n\n\n<ul class=\"wp-block-list\">\n<li>KSU Atwood\u2122<\/li>\n\n\n\n<li>KSU Benson\u2122<\/li>\n\n\n\n<li>KSU Chapell\u2122<\/li>\n\n\n\n<li>Prima<\/li>\n\n\n\n<li>Sunflower<\/li>\n\n\n\n<li>Sweet Virginia<\/li>\n\n\n\n<li>Prolific<\/li>\n\n\n\n<li>Overleese<\/li>\n\n\n\n<li>SAC Overleese<\/li>\n\n\n\n<li>Sibley<\/li>\n\n\n\n<li>Youri&#8217;s Russian<\/li>\n\n\n\n<li>Mango<\/li>\n\n\n\n<li>Taylor<\/li>\n\n\n\n<li>Taytwo (Taytoo)<\/li>\n\n\n\n<li>Maria&#8217;s Joy<\/li>\n\n\n\n<li>Kentucky Champion<\/li>\n\n\n\n<li>Caspian<\/li>\n\n\n\n<li>Nyomi&#8217;s Delicious<\/li>\n\n\n\n<li>Summer Delight<\/li>\n\n\n\n<li>Ithaka<\/li>\n\n\n\n<li>Georgia<\/li>\n\n\n\n<li>Rebeca&#8217;s Gold<\/li>\n\n\n\n<li>VE21<\/li>\n\n\n\n<li>Cawood<\/li>\n\n\n\n<li>Halvin<\/li>\n\n\n\n<li>Shenandoah<\/li>\n\n\n\n<li>Susquehana<\/li>\n\n\n\n<li>Wabash<\/li>\n\n\n\n<li>NC1 ( CAMPBELL\u2019S #1 )<\/li>\n\n\n\n<li>Pensylvania Golden<\/li>\n\n\n\n<li>166-20<\/li>\n\n\n\n<li>Al Horn White<\/li>\n\n\n\n<li>2-10 x Mammoth<\/li>\n\n\n\n<li>Titan<\/li>\n\n\n\n<li>Cawood<\/li>\n\n\n\n<li>Tropical Treat<\/li>\n\n\n\n<li>Windstar<\/li>\n<\/ul>\n\n\n\n<p><\/p>\n\n\n\n<p><\/p>\n\n\n\n<p><\/p>\n\n\n\n<p>i jeszcze kilka.<\/p>\n\n\n\n<p><\/p>\n\n\n\n<p><\/p>\n\n\n\n<p><\/p>\n","protected":false},"excerpt":{"rendered":"<p>Spo\u015br\u00f3d blisko tysi\u0105ca nazwanych odmian co roku sczepi\u0119 oko\u0142o trzydzie\u015bci wed\u0142ug mojej wiedzy wartych rozpowszechnienia. Te ze szczepienia latem poprzedniego roku sprzedawa\u0107 b\u0119d\u0119 gdy zaczn\u0105 intensywnie rosn\u0105\u0107, od pocz\u0105tku maja. Nieliczne wi\u0119ksze i starsze (nawet ju\u017c z p\u0105czkami kwiatowymi) jakie zdo\u0142a\u0142em zachowa\u0107 s\u0105 przede wszystkim dla tych, kt\u00f3rzy zechc\u0105 mnie odwiedzi\u0107 w szk\u00f3\u0142ce. W tym [&hellip;]<\/p>\n","protected":false},"author":1,"featured_media":0,"parent":0,"menu_order":0,"comment_status":"closed","ping_status":"closed","template":"","meta":{"footnotes":""},"class_list":["post-1525","page","type-page","status-publish","hentry"],"_links":{"self":[{"href":"https:\/\/www.ogrodnick.pl\/word\/wp-json\/wp\/v2\/pages\/1525","targetHints":{"allow":["GET"]}}],"collection":[{"href":"https:\/\/www.ogrodnick.pl\/word\/wp-json\/wp\/v2\/pages"}],"about":[{"href":"https:\/\/www.ogrodnick.pl\/word\/wp-json\/wp\/v2\/types\/page"}],"author":[{"embeddable":true,"href":"https:\/\/www.ogrodnick.pl\/word\/wp-json\/wp\/v2\/users\/1"}],"replies":[{"embeddable":true,"href":"https:\/\/www.ogrodnick.pl\/word\/wp-json\/wp\/v2\/comments?post=1525"}],"version-history":[{"count":5,"href":"https:\/\/www.ogrodnick.pl\/word\/wp-json\/wp\/v2\/pages\/1525\/revisions"}],"predecessor-version":[{"id":1568,"href":"https:\/\/www.ogrodnick.pl\/word\/wp-json\/wp\/v2\/pages\/1525\/revisions\/1568"}],"wp:attachment":[{"href":"https:\/\/www.ogrodnick.pl\/word\/wp-json\/wp\/v2\/media?parent=1525"}],"curies":[{"name":"wp","href":"https:\/\/api.w.org\/{rel}","templated":true}]}}