{"id":1349,"date":"2023-02-09T11:44:38","date_gmt":"2023-02-09T11:44:38","guid":{"rendered":"https:\/\/www.ogrodnick.pl\/word\/?page_id=1349"},"modified":"2023-02-09T11:44:38","modified_gmt":"2023-02-09T11:44:38","slug":"franklinia-amerykanska-franklinia-alatamaha","status":"publish","type":"page","link":"https:\/\/www.ogrodnick.pl\/word\/franklinia-amerykanska-franklinia-alatamaha\/","title":{"rendered":"Franklinia ameryka\u0144ska (Franklinia alatamaha)"},"content":{"rendered":"\n<div class=\"wp-block-group alignfull\"><div class=\"wp-block-group__inner-container is-layout-flow wp-block-group-is-layout-flow\">\n<p>Franklinie   (<em>Franklinia alatamaha<\/em>) w XVIII wieku ros\u0142y w Georgii, od ponad 200 lat wy\u0142\u0105cznie w uprawie.<\/p>\n<\/div><\/div>\n\n\n\n<div class=\"wp-block-columns alignfull is-layout-flex wp-container-core-columns-is-layout-9d6595d7 wp-block-columns-is-layout-flex\">\n<div class=\"wp-block-column is-layout-flow wp-block-column-is-layout-flow\">\n<p><strong>OPIS:<br><\/strong>&nbsp;<\/p>\n\n\n\n<p>Franklinie Franklinia alatamaha odkry\u0142 i opisa\u0142 w ko\u0144cu XVIII wieku John Bertram, nadworny botanik kr\u00f3la Anglii Jerzego III. Oko\u0142o hektarowy las frankliniowy napotka\u0142 nad rzek\u0105 Altamaha w Georgii podczas wyprawy badawczej wiosn\u0105 roku 1773, a jesieni\u0105 nast\u0119pnego roku powr\u00f3ci\u0142 w to samo miejsce aby zebra\u0107 nasiona. Pierwsze ro\u015bliny wyhodowane z tych nasion posadzi\u0142 w swoim ogrodzie w Filadelfii. Niewiele lat p\u00f3\u017aniej (na pewno przed rokiem 1803) nie by\u0142o ju\u017c \u017cadnej franklinii nad rzek\u0105 Altamaha, ros\u0142y jedynie te dwa drzewa w ogrodzie Johna Bartrama przy bulwarze Lindbergha w Filadelfii. Od tych drzew pochodz\u0105 wszystkie wsp\u00f3\u0142cze\u015bnie rosn\u0105ce franklinie &#8211; w 2005 roku pochwali\u0107 si\u0119 nimi mog\u0142o zaledwie oko\u0142o dwa tysi\u0105ce park\u00f3w i ogrod\u00f3w (teraz ju\u017c wi\u0119cej &#8211; troch\u0119 w tym mojej zas\u0142ugi \ud83d\ude42 ).<\/p>\n\n\n\n<p>Franklinie wyrastaj\u0105 w kilkumetrowe drzewka lub wysokie krzewy. Kwitnie o niezwyk\u0142ej porze, jesieni\u0105 &#8211; kwiaty 8-centymetrowej \u015brednicy podobne do kwiat\u00f3w kamelii czy stewarcji rozwijaj\u0105 si\u0119 od wrze\u015bnia do a\u017c do pierwszych silniejszych mroz\u00f3w. Te pierwsze podziwia\u0107 mo\u017cna na tle rozetek l\u015bni\u0105cych ciemnozielonych li\u015bci o d\u0142ugo\u015bci 10-15 cm, ostatnie rozwijaj\u0105 si\u0119 gdy li\u015bcie s\u0105 ju\u017c intensywnie czerwone.<\/p>\n<\/div>\n\n\n\n<div class=\"wp-block-column is-layout-flow wp-block-column-is-layout-flow\"><div class=\"wp-block-image\">\n<figure class=\"aligncenter size-full\"><img loading=\"lazy\" decoding=\"async\" width=\"936\" height=\"1024\" src=\"https:\/\/www.ogrodnick.pl\/word\/wp-content\/uploads\/2023\/02\/Franklinia_alatamaha_krzew.jpg\" alt=\"\" class=\"wp-image-1351\" srcset=\"https:\/\/www.ogrodnick.pl\/word\/wp-content\/uploads\/2023\/02\/Franklinia_alatamaha_krzew.jpg 936w, https:\/\/www.ogrodnick.pl\/word\/wp-content\/uploads\/2023\/02\/Franklinia_alatamaha_krzew-274x300.jpg 274w, https:\/\/www.ogrodnick.pl\/word\/wp-content\/uploads\/2023\/02\/Franklinia_alatamaha_krzew-768x840.jpg 768w\" sizes=\"auto, (max-width: 936px) 100vw, 936px\" \/><\/figure>\n<\/div><\/div>\n<\/div>\n\n\n\n<div class=\"wp-block-columns alignfull is-layout-flex wp-container-core-columns-is-layout-9d6595d7 wp-block-columns-is-layout-flex\">\n<div class=\"wp-block-column is-layout-flow wp-block-column-is-layout-flow\">\n<p><strong>UPRAWA:<\/strong><br>Franklinie dobrze rosn\u0105 w przepuszczalnej glebie &#8211; w ci\u0119\u017ckiej lub podmok\u0142ej mog\u0105 im gni\u0107 korzenie.  Maj\u0105 delikatn\u0105 kor\u0119, jej uszkodzenia np przy kopczykowaniu lub \u015bci\u00f3\u0142kowaniu mog\u0105 by\u0107 drog\u0105 dla szkodliwych grzyb\u00f3w i bakterii.<\/p>\n\n\n\n<p>Dla dobrego rozwoju wymagaj\u0105 ciep\u0142ego lata, \u017ale znosz\u0105 letnie susze. Na w\u0142a\u015bciwym stanowisku franklinie bez bez uszkodze\u0144 znosz\u0105 mrozy do -27C.<\/p>\n<\/div>\n\n\n\n<div class=\"wp-block-column is-layout-flow wp-block-column-is-layout-flow\"><div class=\"wp-block-image\">\n<figure class=\"aligncenter size-large\"><img loading=\"lazy\" decoding=\"async\" width=\"1024\" height=\"803\" src=\"https:\/\/www.ogrodnick.pl\/word\/wp-content\/uploads\/2023\/02\/Franklinia_alatamaha_kwiat_zielona-1024x803.jpg\" alt=\"\" class=\"wp-image-1352\" srcset=\"https:\/\/www.ogrodnick.pl\/word\/wp-content\/uploads\/2023\/02\/Franklinia_alatamaha_kwiat_zielona-1024x803.jpg 1024w, https:\/\/www.ogrodnick.pl\/word\/wp-content\/uploads\/2023\/02\/Franklinia_alatamaha_kwiat_zielona-300x235.jpg 300w, https:\/\/www.ogrodnick.pl\/word\/wp-content\/uploads\/2023\/02\/Franklinia_alatamaha_kwiat_zielona-768x602.jpg 768w, https:\/\/www.ogrodnick.pl\/word\/wp-content\/uploads\/2023\/02\/Franklinia_alatamaha_kwiat_zielona-1200x941.jpg 1200w, https:\/\/www.ogrodnick.pl\/word\/wp-content\/uploads\/2023\/02\/Franklinia_alatamaha_kwiat_zielona.jpg 1531w\" sizes=\"auto, (max-width: 1024px) 100vw, 1024px\" \/><\/figure>\n<\/div><\/div>\n<\/div>\n\n\n\n<figure class=\"wp-block-image size-full\"><img loading=\"lazy\" decoding=\"async\" width=\"1024\" height=\"833\" src=\"https:\/\/www.ogrodnick.pl\/word\/wp-content\/uploads\/2023\/02\/Franklinia_alatamaha_kwiat_czerwona-1.jpg\" alt=\"\" class=\"wp-image-1354\" srcset=\"https:\/\/www.ogrodnick.pl\/word\/wp-content\/uploads\/2023\/02\/Franklinia_alatamaha_kwiat_czerwona-1.jpg 1024w, https:\/\/www.ogrodnick.pl\/word\/wp-content\/uploads\/2023\/02\/Franklinia_alatamaha_kwiat_czerwona-1-300x244.jpg 300w, https:\/\/www.ogrodnick.pl\/word\/wp-content\/uploads\/2023\/02\/Franklinia_alatamaha_kwiat_czerwona-1-768x625.jpg 768w\" sizes=\"auto, (max-width: 1024px) 100vw, 1024px\" \/><\/figure>\n\n\n\n<figure class=\"wp-block-image size-large\"><img loading=\"lazy\" decoding=\"async\" width=\"814\" height=\"1024\" src=\"https:\/\/www.ogrodnick.pl\/word\/wp-content\/uploads\/2023\/02\/Franklinia_alatamaha_jesien40-814x1024.jpg\" alt=\"\" class=\"wp-image-1355\" srcset=\"https:\/\/www.ogrodnick.pl\/word\/wp-content\/uploads\/2023\/02\/Franklinia_alatamaha_jesien40-814x1024.jpg 814w, https:\/\/www.ogrodnick.pl\/word\/wp-content\/uploads\/2023\/02\/Franklinia_alatamaha_jesien40-238x300.jpg 238w, https:\/\/www.ogrodnick.pl\/word\/wp-content\/uploads\/2023\/02\/Franklinia_alatamaha_jesien40-768x966.jpg 768w, https:\/\/www.ogrodnick.pl\/word\/wp-content\/uploads\/2023\/02\/Franklinia_alatamaha_jesien40.jpg 826w\" sizes=\"auto, (max-width: 814px) 100vw, 814px\" \/><figcaption class=\"wp-element-caption\">OLYMPUS DIGITAL CAMERA<\/figcaption><\/figure>\n","protected":false},"excerpt":{"rendered":"<p>Franklinie (Franklinia alatamaha) w XVIII wieku ros\u0142y w Georgii, od ponad 200 lat wy\u0142\u0105cznie w uprawie. OPIS:&nbsp; Franklinie Franklinia alatamaha odkry\u0142 i opisa\u0142 w ko\u0144cu XVIII wieku John Bertram, nadworny botanik kr\u00f3la Anglii Jerzego III. Oko\u0142o hektarowy las frankliniowy napotka\u0142 nad rzek\u0105 Altamaha w Georgii podczas wyprawy badawczej wiosn\u0105 roku 1773, a jesieni\u0105 nast\u0119pnego roku [&hellip;]<\/p>\n","protected":false},"author":1,"featured_media":0,"parent":0,"menu_order":0,"comment_status":"closed","ping_status":"closed","template":"","meta":{"footnotes":""},"class_list":["post-1349","page","type-page","status-publish","hentry"],"_links":{"self":[{"href":"https:\/\/www.ogrodnick.pl\/word\/wp-json\/wp\/v2\/pages\/1349","targetHints":{"allow":["GET"]}}],"collection":[{"href":"https:\/\/www.ogrodnick.pl\/word\/wp-json\/wp\/v2\/pages"}],"about":[{"href":"https:\/\/www.ogrodnick.pl\/word\/wp-json\/wp\/v2\/types\/page"}],"author":[{"embeddable":true,"href":"https:\/\/www.ogrodnick.pl\/word\/wp-json\/wp\/v2\/users\/1"}],"replies":[{"embeddable":true,"href":"https:\/\/www.ogrodnick.pl\/word\/wp-json\/wp\/v2\/comments?post=1349"}],"version-history":[{"count":5,"href":"https:\/\/www.ogrodnick.pl\/word\/wp-json\/wp\/v2\/pages\/1349\/revisions"}],"predecessor-version":[{"id":1507,"href":"https:\/\/www.ogrodnick.pl\/word\/wp-json\/wp\/v2\/pages\/1349\/revisions\/1507"}],"wp:attachment":[{"href":"https:\/\/www.ogrodnick.pl\/word\/wp-json\/wp\/v2\/media?parent=1349"}],"curies":[{"name":"wp","href":"https:\/\/api.w.org\/{rel}","templated":true}]}}

Franklinia amerykańska (Franklinia alatamaha)

<div class="wp-block-group alignfull"><div class="wp-block-group__inner-container is-layout-flow wp-block-group-is-layout-flow">
<p>Franklinie   (<em>Franklinia alatamaha</em>) w XVIII wieku rosły w Georgii, od ponad 200 lat wyłącznie w uprawie.</p>
</div></div>



<div class="wp-block-columns alignfull is-layout-flex wp-container-core-columns-is-layout-9d6595d7 wp-block-columns-is-layout-flex">
<div class="wp-block-column is-layout-flow wp-block-column-is-layout-flow">
<p><strong>OPIS:<br></strong>&nbsp;</p>



<p>Franklinie Franklinia alatamaha odkrył i opisał w końcu XVIII wieku John Bertram, nadworny botanik króla Anglii Jerzego III. Około hektarowy las frankliniowy napotkał nad rzeką Altamaha w Georgii podczas wyprawy badawczej wiosną roku 1773, a jesienią następnego roku powrócił w to samo miejsce aby zebrać nasiona. Pierwsze rośliny wyhodowane z tych nasion posadził w swoim ogrodzie w Filadelfii. Niewiele lat później (na pewno przed rokiem 1803) nie było już żadnej franklinii nad rzeką Altamaha, rosły jedynie te dwa drzewa w ogrodzie Johna Bartrama przy bulwarze Lindbergha w Filadelfii. Od tych drzew pochodzą wszystkie współcześnie rosnące franklinie &#8211; w 2005 roku pochwalić się nimi mogło zaledwie około dwa tysiące parków i ogrodów (teraz już więcej &#8211; trochę w tym mojej zasługi 🙂 ).</p>



<p>Franklinie wyrastają w kilkumetrowe drzewka lub wysokie krzewy. Kwitnie o niezwykłej porze, jesienią &#8211; kwiaty 8-centymetrowej średnicy podobne do kwiatów kamelii czy stewarcji rozwijają się od września do aż do pierwszych silniejszych mrozów. Te pierwsze podziwiać można na tle rozetek lśniących ciemnozielonych liści o długości 10-15 cm, ostatnie rozwijają się gdy liście są już intensywnie czerwone.</p>
</div>



<div class="wp-block-column is-layout-flow wp-block-column-is-layout-flow"><div class="wp-block-image">
<figure class="aligncenter size-full"><img loading="lazy" decoding="async" width="936" height="1024" src="https://www.ogrodnick.pl/word/wp-content/uploads/2023/02/Franklinia_alatamaha_krzew.jpg" alt="" class="wp-image-1351" srcset="https://www.ogrodnick.pl/word/wp-content/uploads/2023/02/Franklinia_alatamaha_krzew.jpg 936w, https://www.ogrodnick.pl/word/wp-content/uploads/2023/02/Franklinia_alatamaha_krzew-274x300.jpg 274w, https://www.ogrodnick.pl/word/wp-content/uploads/2023/02/Franklinia_alatamaha_krzew-768x840.jpg 768w" sizes="auto, (max-width: 936px) 100vw, 936px" /></figure>
</div></div>
</div>



<div class="wp-block-columns alignfull is-layout-flex wp-container-core-columns-is-layout-9d6595d7 wp-block-columns-is-layout-flex">
<div class="wp-block-column is-layout-flow wp-block-column-is-layout-flow">
<p><strong>UPRAWA:</strong><br>Franklinie dobrze rosną w przepuszczalnej glebie &#8211; w ciężkiej lub podmokłej mogą im gnić korzenie.  Mają delikatną korę, jej uszkodzenia np przy kopczykowaniu lub ściółkowaniu mogą być drogą dla szkodliwych grzybów i bakterii.</p>



<p>Dla dobrego rozwoju wymagają ciepłego lata, źle znoszą letnie susze. Na właściwym stanowisku franklinie bez bez uszkodzeń znoszą mrozy do -27C.</p>
</div>



<div class="wp-block-column is-layout-flow wp-block-column-is-layout-flow"><div class="wp-block-image">
<figure class="aligncenter size-large"><img loading="lazy" decoding="async" width="1024" height="803" src="https://www.ogrodnick.pl/word/wp-content/uploads/2023/02/Franklinia_alatamaha_kwiat_zielona-1024x803.jpg" alt="" class="wp-image-1352" srcset="https://www.ogrodnick.pl/word/wp-content/uploads/2023/02/Franklinia_alatamaha_kwiat_zielona-1024x803.jpg 1024w, https://www.ogrodnick.pl/word/wp-content/uploads/2023/02/Franklinia_alatamaha_kwiat_zielona-300x235.jpg 300w, https://www.ogrodnick.pl/word/wp-content/uploads/2023/02/Franklinia_alatamaha_kwiat_zielona-768x602.jpg 768w, https://www.ogrodnick.pl/word/wp-content/uploads/2023/02/Franklinia_alatamaha_kwiat_zielona-1200x941.jpg 1200w, https://www.ogrodnick.pl/word/wp-content/uploads/2023/02/Franklinia_alatamaha_kwiat_zielona.jpg 1531w" sizes="auto, (max-width: 1024px) 100vw, 1024px" /></figure>
</div></div>
</div>



<figure class="wp-block-image size-full"><img loading="lazy" decoding="async" width="1024" height="833" src="https://www.ogrodnick.pl/word/wp-content/uploads/2023/02/Franklinia_alatamaha_kwiat_czerwona-1.jpg" alt="" class="wp-image-1354" srcset="https://www.ogrodnick.pl/word/wp-content/uploads/2023/02/Franklinia_alatamaha_kwiat_czerwona-1.jpg 1024w, https://www.ogrodnick.pl/word/wp-content/uploads/2023/02/Franklinia_alatamaha_kwiat_czerwona-1-300x244.jpg 300w, https://www.ogrodnick.pl/word/wp-content/uploads/2023/02/Franklinia_alatamaha_kwiat_czerwona-1-768x625.jpg 768w" sizes="auto, (max-width: 1024px) 100vw, 1024px" /></figure>



<figure class="wp-block-image size-large"><img loading="lazy" decoding="async" width="814" height="1024" src="https://www.ogrodnick.pl/word/wp-content/uploads/2023/02/Franklinia_alatamaha_jesien40-814x1024.jpg" alt="" class="wp-image-1355" srcset="https://www.ogrodnick.pl/word/wp-content/uploads/2023/02/Franklinia_alatamaha_jesien40-814x1024.jpg 814w, https://www.ogrodnick.pl/word/wp-content/uploads/2023/02/Franklinia_alatamaha_jesien40-238x300.jpg 238w, https://www.ogrodnick.pl/word/wp-content/uploads/2023/02/Franklinia_alatamaha_jesien40-768x966.jpg 768w, https://www.ogrodnick.pl/word/wp-content/uploads/2023/02/Franklinia_alatamaha_jesien40.jpg 826w" sizes="auto, (max-width: 814px) 100vw, 814px" /><figcaption class="wp-element-caption">OLYMPUS DIGITAL CAMERA</figcaption></figure>

<p>Franklinie (Franklinia alatamaha) w XVIII wieku rosły w Georgii, od ponad 200 lat wyłącznie w uprawie. OPIS:&nbsp; Franklinie Franklinia alatamaha odkrył i opisał w końcu XVIII wieku John Bertram, nadworny botanik króla Anglii Jerzego III. Około hektarowy las frankliniowy napotkał nad rzeką Altamaha w Georgii podczas wyprawy badawczej wiosną roku 1773, a jesienią następnego roku [&hellip;]</p>
