{"id":1297,"date":"2023-02-08T13:19:56","date_gmt":"2023-02-08T13:19:56","guid":{"rendered":"https:\/\/www.ogrodnick.pl\/word\/?page_id=1297"},"modified":"2023-02-09T14:30:40","modified_gmt":"2023-02-09T14:30:40","slug":"klon-zielonokory-acer-tegmentosum","status":"publish","type":"page","link":"https:\/\/www.ogrodnick.pl\/word\/klon-zielonokory-acer-tegmentosum\/","title":{"rendered":"Klon zielonokory (Acer tegmentosum)"},"content":{"rendered":"\n<div class=\"wp-block-group alignfull\"><div class=\"wp-block-group__inner-container is-layout-flow wp-block-group-is-layout-flow\">\n<p>Klon zielonokory&nbsp;<em>(Acer tegmentosum)<\/em>&nbsp;&nbsp;ro\u015bnie na p\u00f3\u0142nocy Chin, P\u00f3\u0142wyspie Keorea\u0144skim  i na rosyjskim Dalekim Wschodzie.<\/p>\n<\/div><\/div>\n\n\n\n<div class=\"wp-block-columns alignfull is-layout-flex wp-container-core-columns-is-layout-9d6595d7 wp-block-columns-is-layout-flex\">\n<div class=\"wp-block-column is-layout-flow wp-block-column-is-layout-flow\">\n<p><strong>OPIS:<br><\/strong>&nbsp;&nbsp;&nbsp;Najefektowniejszy obok klonu pensylwa\u0144skiego przedstawiciel grupy klon\u00f3w &#8222;w\u0119\u017cokorych&#8221; (ang. &#8222;snakebark maple&#8221;, bardziej uczenie: sekcja Macrantha ).  <\/p>\n\n\n\n<p>Klon zielonokory ro\u015bnie troch\u0119 szybciej i osi\u0105ga wi\u0119ksze rozmiary ni\u017c bardziej znany klon pensylwa\u0144ski &#8211; mo\u017ce by\u0107 nawet 15-metrowym drzewem o lu\u017anej koronie. \u0141atwo mo\u017cna odr\u00f3\u017cni\u0107 te dwa klony \u2006 po wygl\u0105dzie m\u0142odych p\u0119d\u00f3w: u klon\u00f3w zielonokorych s\u0105 one niemal bia\u0142e od woskowego nalotu.\u2006 Opr\u00f3cz tego klony pensylwa\u0144skie maj\u0105 nieco wi\u0119ksze li\u015bcie o cie\u0144szych blaszkach, podatnych na wi\u0119dni\u0119cie podczas upa\u0142\u00f3w czy w okresie suszy. \u2006  Jesieni\u0105 15-centymetrowe li\u015bcie klon\u00f3w zielonokorych pi\u0119knie przebarwiaj\u0105 si\u0119 na \u017c\u00f3\u0142to. <\/p>\n\n\n\n<p>W Korei klony zielonokore, zwane tam <em>Sancheongmok<\/em>,  s\u0105 od wiek\u00f3w  stosowane w medycynie i z tego powodu zosta\u0142y niemal wyt\u0119pione na stanowiskach naturalnych.  Preparaty, zwykle ekstrakty i &#8222;herbatki&#8221; z drobno poci\u0119tych ga\u0142\u0105zek stosowane s\u0105 w leczeniu chor\u00f3b w\u0105troby (marsko\u015b\u0107, zatrucia, nawet rak), nerek, uk\u0142adu kr\u0105\u017cenia, atopowego zapalenia sk\u00f3ry (AZS), nowotwor\u00f3w i cukrzycy. Wi\u0119cej na temat zastosowa\u0144 medycznych:  <\/p>\n\n\n\n<p><\/p>\n\n\n\n<ul class=\"wp-block-list\">\n<li><strong>https:\/\/www.techscience.com\/oncologie\/v23n3\/44589\/html<\/strong><\/li>\n\n\n\n<li><strong>https:\/\/www.sciencedirect.com\/science\/article\/abs\/pii\/S0378874118329817<\/strong><\/li>\n\n\n\n<li><strong>http:\/\/foodtoday.or.kr\/mobile\/article.html?no=100232<\/strong><\/li>\n\n\n\n<li>  <strong>https:\/\/www.researchgate.net\/publication\/354851571_Anticancer_and_Antioxidant_Activities_of_Aqueous_and_Ethanolic_Bark_Extracts_of_Acer_Tegmentosum_Maxim_Aceaceae_on_Tumor_Cell_Lines<\/strong><\/li>\n<\/ul>\n\n\n\n<p><\/p>\n<\/div>\n\n\n\n<div class=\"wp-block-column is-layout-flow wp-block-column-is-layout-flow\">\n<figure class=\"wp-block-image size-large\"><img loading=\"lazy\" decoding=\"async\" width=\"768\" height=\"1024\" src=\"https:\/\/www.ogrodnick.pl\/word\/wp-content\/uploads\/2023\/02\/DSCF8396-1-768x1024.jpg\" alt=\"\" class=\"wp-image-1312\" srcset=\"https:\/\/www.ogrodnick.pl\/word\/wp-content\/uploads\/2023\/02\/DSCF8396-1-768x1024.jpg 768w, https:\/\/www.ogrodnick.pl\/word\/wp-content\/uploads\/2023\/02\/DSCF8396-1-225x300.jpg 225w, https:\/\/www.ogrodnick.pl\/word\/wp-content\/uploads\/2023\/02\/DSCF8396-1-1152x1536.jpg 1152w, https:\/\/www.ogrodnick.pl\/word\/wp-content\/uploads\/2023\/02\/DSCF8396-1-1536x2048.jpg 1536w, https:\/\/www.ogrodnick.pl\/word\/wp-content\/uploads\/2023\/02\/DSCF8396-1-1200x1600.jpg 1200w, https:\/\/www.ogrodnick.pl\/word\/wp-content\/uploads\/2023\/02\/DSCF8396-1-scaled.jpg 1920w\" sizes=\"auto, (max-width: 768px) 100vw, 768px\" \/><figcaption class=\"wp-element-caption\">KONICA MINOLTA DIGITAL CAMERA<\/figcaption><\/figure>\n<\/div>\n<\/div>\n\n\n\n<div class=\"wp-block-columns alignfull is-layout-flex wp-container-core-columns-is-layout-9d6595d7 wp-block-columns-is-layout-flex\">\n<div class=\"wp-block-column is-layout-flow wp-block-column-is-layout-flow\">\n<p><strong>UPRAWA:<br><\/strong>\u00a0\u00a0\u00a0Odporny na mrozy. <\/p>\n\n\n\n<p>Jak wszystkie klony z tej sekcji najlepiej ro\u015bnie na stanowiskach wilgotnych, lekko ocieniony. Lepiej ni\u017c klon pensylwa\u0144ski znosi susze, ale te\u017c nie lubi gor\u0105ca.  W \u2006 pe\u0142nym s\u0142o\u0144cu kora bywa mniej efektowna.<\/p>\n<\/div>\n\n\n\n<div class=\"wp-block-column is-layout-flow wp-block-column-is-layout-flow\"><div class=\"wp-block-image\">\n<figure class=\"aligncenter size-large\"><img loading=\"lazy\" decoding=\"async\" width=\"768\" height=\"1024\" src=\"https:\/\/www.ogrodnick.pl\/word\/wp-content\/uploads\/2023\/02\/PICT0149-1-768x1024.jpg\" alt=\"\" class=\"wp-image-1313\" srcset=\"https:\/\/www.ogrodnick.pl\/word\/wp-content\/uploads\/2023\/02\/PICT0149-1-768x1024.jpg 768w, https:\/\/www.ogrodnick.pl\/word\/wp-content\/uploads\/2023\/02\/PICT0149-1-225x300.jpg 225w, https:\/\/www.ogrodnick.pl\/word\/wp-content\/uploads\/2023\/02\/PICT0149-1-1152x1536.jpg 1152w, https:\/\/www.ogrodnick.pl\/word\/wp-content\/uploads\/2023\/02\/PICT0149-1-1536x2048.jpg 1536w, https:\/\/www.ogrodnick.pl\/word\/wp-content\/uploads\/2023\/02\/PICT0149-1-1200x1600.jpg 1200w, https:\/\/www.ogrodnick.pl\/word\/wp-content\/uploads\/2023\/02\/PICT0149-1.jpg 1704w\" sizes=\"auto, (max-width: 768px) 100vw, 768px\" \/><figcaption class=\"wp-element-caption\">KONICA MINOLTA DIGITAL CAMERA<\/figcaption><\/figure>\n<\/div><\/div>\n<\/div>\n\n\n\n<div class=\"wp-block-columns alignfull is-layout-flex wp-container-core-columns-is-layout-9d6595d7 wp-block-columns-is-layout-flex\">\n<div class=\"wp-block-column is-layout-flow wp-block-column-is-layout-flow\">\n<figure class=\"wp-block-image size-large\"><img loading=\"lazy\" decoding=\"async\" width=\"768\" height=\"1024\" src=\"https:\/\/www.ogrodnick.pl\/word\/wp-content\/uploads\/2023\/02\/Acer_tegmentosum_torebka-768x1024.jpg\" alt=\"\" class=\"wp-image-1307\" srcset=\"https:\/\/www.ogrodnick.pl\/word\/wp-content\/uploads\/2023\/02\/Acer_tegmentosum_torebka-768x1024.jpg 768w, https:\/\/www.ogrodnick.pl\/word\/wp-content\/uploads\/2023\/02\/Acer_tegmentosum_torebka-225x300.jpg 225w, https:\/\/www.ogrodnick.pl\/word\/wp-content\/uploads\/2023\/02\/Acer_tegmentosum_torebka-1152x1536.jpg 1152w, https:\/\/www.ogrodnick.pl\/word\/wp-content\/uploads\/2023\/02\/Acer_tegmentosum_torebka-1200x1600.jpg 1200w, https:\/\/www.ogrodnick.pl\/word\/wp-content\/uploads\/2023\/02\/Acer_tegmentosum_torebka.jpg 1500w\" sizes=\"auto, (max-width: 768px) 100vw, 768px\" \/><\/figure>\n<\/div>\n<\/div>\n","protected":false},"excerpt":{"rendered":"<p>Klon zielonokory&nbsp;(Acer tegmentosum)&nbsp;&nbsp;ro\u015bnie na p\u00f3\u0142nocy Chin, P\u00f3\u0142wyspie Keorea\u0144skim i na rosyjskim Dalekim Wschodzie. OPIS:&nbsp;&nbsp;&nbsp;Najefektowniejszy obok klonu pensylwa\u0144skiego przedstawiciel grupy klon\u00f3w &#8222;w\u0119\u017cokorych&#8221; (ang. &#8222;snakebark maple&#8221;, bardziej uczenie: sekcja Macrantha ). Klon zielonokory ro\u015bnie troch\u0119 szybciej i osi\u0105ga wi\u0119ksze rozmiary ni\u017c bardziej znany klon pensylwa\u0144ski &#8211; mo\u017ce by\u0107 nawet 15-metrowym drzewem o lu\u017anej koronie. \u0141atwo mo\u017cna odr\u00f3\u017cni\u0107 [&hellip;]<\/p>\n","protected":false},"author":1,"featured_media":0,"parent":0,"menu_order":0,"comment_status":"closed","ping_status":"closed","template":"","meta":{"footnotes":""},"class_list":["post-1297","page","type-page","status-publish","hentry"],"_links":{"self":[{"href":"https:\/\/www.ogrodnick.pl\/word\/wp-json\/wp\/v2\/pages\/1297","targetHints":{"allow":["GET"]}}],"collection":[{"href":"https:\/\/www.ogrodnick.pl\/word\/wp-json\/wp\/v2\/pages"}],"about":[{"href":"https:\/\/www.ogrodnick.pl\/word\/wp-json\/wp\/v2\/types\/page"}],"author":[{"embeddable":true,"href":"https:\/\/www.ogrodnick.pl\/word\/wp-json\/wp\/v2\/users\/1"}],"replies":[{"embeddable":true,"href":"https:\/\/www.ogrodnick.pl\/word\/wp-json\/wp\/v2\/comments?post=1297"}],"version-history":[{"count":11,"href":"https:\/\/www.ogrodnick.pl\/word\/wp-json\/wp\/v2\/pages\/1297\/revisions"}],"predecessor-version":[{"id":1373,"href":"https:\/\/www.ogrodnick.pl\/word\/wp-json\/wp\/v2\/pages\/1297\/revisions\/1373"}],"wp:attachment":[{"href":"https:\/\/www.ogrodnick.pl\/word\/wp-json\/wp\/v2\/media?parent=1297"}],"curies":[{"name":"wp","href":"https:\/\/api.w.org\/{rel}","templated":true}]}}

<div class="wp-block-group alignfull"><div class="wp-block-group__inner-container is-layout-flow wp-block-group-is-layout-flow">
<p>Klon zielonokory&nbsp;<em>(Acer tegmentosum)</em>&nbsp;&nbsp;rośnie na północy Chin, Półwyspie Keoreańskim  i na rosyjskim Dalekim Wschodzie.</p>
</div></div>



<div class="wp-block-columns alignfull is-layout-flex wp-container-core-columns-is-layout-9d6595d7 wp-block-columns-is-layout-flex">
<div class="wp-block-column is-layout-flow wp-block-column-is-layout-flow">
<p><strong>OPIS:<br></strong>&nbsp;&nbsp;&nbsp;Najefektowniejszy obok klonu pensylwańskiego przedstawiciel grupy klonów &#8222;wężokorych&#8221; (ang. &#8222;snakebark maple&#8221;, bardziej uczenie: sekcja Macrantha ).  </p>



<p>Klon zielonokory rośnie trochę szybciej i osiąga większe rozmiary niż bardziej znany klon pensylwański &#8211; może być nawet 15-metrowym drzewem o luźnej koronie. Łatwo można odróżnić te dwa klony   po wyglądzie młodych pędów: u klonów zielonokorych są one niemal białe od woskowego nalotu.  Oprócz tego klony pensylwańskie mają nieco większe liście o cieńszych blaszkach, podatnych na więdnięcie podczas upałów czy w okresie suszy.    Jesienią 15-centymetrowe liście klonów zielonokorych pięknie przebarwiają się na żółto. </p>



<p>W Korei klony zielonokore, zwane tam <em>Sancheongmok</em>,  są od wieków  stosowane w medycynie i z tego powodu zostały niemal wytępione na stanowiskach naturalnych.  Preparaty, zwykle ekstrakty i &#8222;herbatki&#8221; z drobno pociętych gałązek stosowane są w leczeniu chorób wątroby (marskość, zatrucia, nawet rak), nerek, układu krążenia, atopowego zapalenia skóry (AZS), nowotworów i cukrzycy. Więcej na temat zastosowań medycznych:  </p>



<p></p>



<ul class="wp-block-list">
<li><strong>https://www.techscience.com/oncologie/v23n3/44589/html</strong></li>



<li><strong>https://www.sciencedirect.com/science/article/abs/pii/S0378874118329817</strong></li>



<li><strong>http://foodtoday.or.kr/mobile/article.html?no=100232</strong></li>



<li>  <strong>https://www.researchgate.net/publication/354851571_Anticancer_and_Antioxidant_Activities_of_Aqueous_and_Ethanolic_Bark_Extracts_of_Acer_Tegmentosum_Maxim_Aceaceae_on_Tumor_Cell_Lines</strong></li>
</ul>



<p></p>
</div>



<div class="wp-block-column is-layout-flow wp-block-column-is-layout-flow">
<figure class="wp-block-image size-large"><img loading="lazy" decoding="async" width="768" height="1024" src="https://www.ogrodnick.pl/word/wp-content/uploads/2023/02/DSCF8396-1-768x1024.jpg" alt="" class="wp-image-1312" srcset="https://www.ogrodnick.pl/word/wp-content/uploads/2023/02/DSCF8396-1-768x1024.jpg 768w, https://www.ogrodnick.pl/word/wp-content/uploads/2023/02/DSCF8396-1-225x300.jpg 225w, https://www.ogrodnick.pl/word/wp-content/uploads/2023/02/DSCF8396-1-1152x1536.jpg 1152w, https://www.ogrodnick.pl/word/wp-content/uploads/2023/02/DSCF8396-1-1536x2048.jpg 1536w, https://www.ogrodnick.pl/word/wp-content/uploads/2023/02/DSCF8396-1-1200x1600.jpg 1200w, https://www.ogrodnick.pl/word/wp-content/uploads/2023/02/DSCF8396-1-scaled.jpg 1920w" sizes="auto, (max-width: 768px) 100vw, 768px" /><figcaption class="wp-element-caption">KONICA MINOLTA DIGITAL CAMERA</figcaption></figure>
</div>
</div>



<div class="wp-block-columns alignfull is-layout-flex wp-container-core-columns-is-layout-9d6595d7 wp-block-columns-is-layout-flex">
<div class="wp-block-column is-layout-flow wp-block-column-is-layout-flow">
<p><strong>UPRAWA:<br></strong>   Odporny na mrozy. </p>



<p>Jak wszystkie klony z tej sekcji najlepiej rośnie na stanowiskach wilgotnych, lekko ocieniony. Lepiej niż klon pensylwański znosi susze, ale też nie lubi gorąca.  W   pełnym słońcu kora bywa mniej efektowna.</p>
</div>



<div class="wp-block-column is-layout-flow wp-block-column-is-layout-flow"><div class="wp-block-image">
<figure class="aligncenter size-large"><img loading="lazy" decoding="async" width="768" height="1024" src="https://www.ogrodnick.pl/word/wp-content/uploads/2023/02/PICT0149-1-768x1024.jpg" alt="" class="wp-image-1313" srcset="https://www.ogrodnick.pl/word/wp-content/uploads/2023/02/PICT0149-1-768x1024.jpg 768w, https://www.ogrodnick.pl/word/wp-content/uploads/2023/02/PICT0149-1-225x300.jpg 225w, https://www.ogrodnick.pl/word/wp-content/uploads/2023/02/PICT0149-1-1152x1536.jpg 1152w, https://www.ogrodnick.pl/word/wp-content/uploads/2023/02/PICT0149-1-1536x2048.jpg 1536w, https://www.ogrodnick.pl/word/wp-content/uploads/2023/02/PICT0149-1-1200x1600.jpg 1200w, https://www.ogrodnick.pl/word/wp-content/uploads/2023/02/PICT0149-1.jpg 1704w" sizes="auto, (max-width: 768px) 100vw, 768px" /><figcaption class="wp-element-caption">KONICA MINOLTA DIGITAL CAMERA</figcaption></figure>
</div></div>
</div>



<div class="wp-block-columns alignfull is-layout-flex wp-container-core-columns-is-layout-9d6595d7 wp-block-columns-is-layout-flex">
<div class="wp-block-column is-layout-flow wp-block-column-is-layout-flow">
<figure class="wp-block-image size-large"><img loading="lazy" decoding="async" width="768" height="1024" src="https://www.ogrodnick.pl/word/wp-content/uploads/2023/02/Acer_tegmentosum_torebka-768x1024.jpg" alt="" class="wp-image-1307" srcset="https://www.ogrodnick.pl/word/wp-content/uploads/2023/02/Acer_tegmentosum_torebka-768x1024.jpg 768w, https://www.ogrodnick.pl/word/wp-content/uploads/2023/02/Acer_tegmentosum_torebka-225x300.jpg 225w, https://www.ogrodnick.pl/word/wp-content/uploads/2023/02/Acer_tegmentosum_torebka-1152x1536.jpg 1152w, https://www.ogrodnick.pl/word/wp-content/uploads/2023/02/Acer_tegmentosum_torebka-1200x1600.jpg 1200w, https://www.ogrodnick.pl/word/wp-content/uploads/2023/02/Acer_tegmentosum_torebka.jpg 1500w" sizes="auto, (max-width: 768px) 100vw, 768px" /></figure>
</div>
</div>

<p>Klon zielonokory&nbsp;(Acer tegmentosum)&nbsp;&nbsp;rośnie na północy Chin, Półwyspie Keoreańskim i na rosyjskim Dalekim Wschodzie. OPIS:&nbsp;&nbsp;&nbsp;Najefektowniejszy obok klonu pensylwańskiego przedstawiciel grupy klonów &#8222;wężokorych&#8221; (ang. &#8222;snakebark maple&#8221;, bardziej uczenie: sekcja Macrantha ). Klon zielonokory rośnie trochę szybciej i osiąga większe rozmiary niż bardziej znany klon pensylwański &#8211; może być nawet 15-metrowym drzewem o luźnej koronie. Łatwo można odróżnić [&hellip;]</p>
